{"id":11588,"date":"2026-04-08T13:58:32","date_gmt":"2026-04-08T16:58:32","guid":{"rendered":"https:\/\/sodre.gub.uy\/espectaculos\/?post_type=espectaculo&#038;p=11588"},"modified":"2026-04-08T14:57:51","modified_gmt":"2026-04-08T17:57:51","slug":"morte-e-vida-madalena","status":"publish","type":"espectaculo","link":"https:\/\/sodre.gub.uy\/espectaculos\/morte-e-vida-madalena\/","title":{"rendered":"Morte e vida Madalena"},"content":{"rendered":"<div class=\"wpb-content-wrapper\"><p>[vc_section el_class=\u00bbcontent&#8211;espectaculo\u00bb][vc_row el_class=\u00bbcyg&#8211;descripcion\u00bb][vc_column][vc_column_text]Madalena es una productora de cine con ocho meses de embarazo y est\u00e1 a punto de rodar una pel\u00edcula de ciencia ficci\u00f3n de bajo presupuesto escrita por su padre, recientemente fallecido. Cuando Davi, el director de la pel\u00edcula y su exmarido, desaparece misteriosamente del set, Madalena debe hacer todo lo posible para terminar la pel\u00edcula antes de que nazca el beb\u00e9. Desde su t\u00edtulo, la pel\u00edcula evoca \u201cMuerte y vida Severina\u201d de Joao Cabral de Melo Neto, sugiriendo un viaje de supervivencia y creaci\u00f3n que recorre el cuerpo y el alma de la protagonista. Madalena es una mujer que necesita seguir adelante incluso cuando todo a su alrededor amenaza con derrumbarse. Cada rev\u00e9s en el set se convierte en una prueba de resiliencia, un rito de paso que la obliga a redescubrir la fuerza donde parec\u00eda no quedar. El agotamiento, la desesperaci\u00f3n y la improvisaci\u00f3n se acumulan, pero tambi\u00e9n revelan la capacidad de transformar los sue\u00f1os en premoniciones y la ruina en persistencia. El acto de filmar y seguir produciendo se convierte as\u00ed en una met\u00e1fora de la gestaci\u00f3n.<\/p>\n<p>[\/vc_column_text][vc_empty_space height=\u00bb30px\u00bb el_class=\u00bbcyg&#8211;espacio-30&#8243;][\/vc_column][\/vc_row][vc_row el_class=\u00bbcyg&#8211;ficha\u00bb][vc_column width=\u00bb1\/2&#8243;][vc_row_inner][vc_column_inner][vc_column_text]Brasil, Portugal, 2025<\/p>\n<p><strong>Direcci\u00f3n:<\/strong> Guto Parente<\/p>\n<p><strong>Elenco:<\/strong> No\u00e1 Bonoba, Tavinho Teixeira, Nataly Rocha[\/vc_column_text][vc_empty_space height=\u00bb10&#8243; el_class=\u00bbcyg&#8211;espacio-10&#8243;][\/vc_column_inner][\/vc_row_inner][vc_row_inner][vc_column_inner][vc_empty_space height=\u00bb10&#8243; el_class=\u00bbcyg&#8211;espacio-10&#8243;][\/vc_column_inner][\/vc_row_inner][\/vc_column][vc_column width=\u00bb1\/2&#8243;][vc_row_inner][vc_column_inner][vc_empty_space height=\u00bb10&#8243; el_class=\u00bbcyg&#8211;espacio-10&#8243;][\/vc_column_inner][\/vc_row_inner][vc_row_inner][vc_column_inner][vc_empty_space height=\u00bb10&#8243; el_class=\u00bbcyg&#8211;espacio-10&#8243;][\/vc_column_inner][\/vc_row_inner][\/vc_column][\/vc_row][vc_row][vc_column][vc_empty_space height=\u00bb10px\u00bb][vc_column_text]<strong>Duraci\u00f3n:<\/strong> 85 min.[\/vc_column_text][vc_column_text]Apta para mayores de 18 a\u00f1os.[\/vc_column_text][\/vc_column][\/vc_row][\/vc_section][vc_row][vc_column][vc_empty_space height=\u00bb62px\u00bb]\r\n<a \r\nrole=\"link\"\r\naria-label=\"Programaci\u00f3n completa\"\r\nclass=\"cyg--btn \" \r\nhref=\"https:\/\/cinemateca.org.uy\/\"\r\ntarget=\"\"\r\n>\r\nProgramaci\u00f3n completa<\/a>\r\n[\/vc_column][\/vc_row]<\/p>\n<\/div>","protected":false},"excerpt":{"rendered":"<p>Festival Cinemateca<\/p>\n","protected":false},"menu_order":0,"template":"","format":"standard","cuerpo-estable":[],"etiqueta-espectaculo":[47],"lugar":[17],"sala-espacio":[],"acf":[],"yoast_head":"<!-- This site is optimized with the Yoast SEO plugin v21.7 - https:\/\/yoast.com\/wordpress\/plugins\/seo\/ -->\n<title>Morte e vida Madalena - Espect\u00e1culos<\/title>\n<meta name=\"robots\" content=\"index, follow, max-snippet:-1, max-image-preview:large, max-video-preview:-1\" \/>\n<link rel=\"canonical\" href=\"https:\/\/sodre.gub.uy\/espectaculos\/morte-e-vida-madalena\/\" \/>\n<meta property=\"og:locale\" content=\"es_ES\" \/>\n<meta property=\"og:type\" content=\"article\" \/>\n<meta property=\"og:title\" content=\"Morte e vida Madalena - Espect\u00e1culos\" \/>\n<meta property=\"og:description\" content=\"Festival Cinemateca\" \/>\n<meta property=\"og:url\" content=\"https:\/\/sodre.gub.uy\/espectaculos\/morte-e-vida-madalena\/\" \/>\n<meta property=\"og:site_name\" content=\"Espect\u00e1culos\" \/>\n<meta property=\"article:modified_time\" content=\"2026-04-08T17:57:51+00:00\" \/>\n<meta name=\"twitter:card\" content=\"summary_large_image\" \/>\n<meta name=\"twitter:label1\" content=\"Tiempo de lectura\" \/>\n\t<meta name=\"twitter:data1\" content=\"2 minutos\" \/>\n<script type=\"application\/ld+json\" class=\"yoast-schema-graph\">{\"@context\":\"https:\/\/schema.org\",\"@graph\":[{\"@type\":\"WebPage\",\"@id\":\"https:\/\/sodre.gub.uy\/espectaculos\/morte-e-vida-madalena\/\",\"url\":\"https:\/\/sodre.gub.uy\/espectaculos\/morte-e-vida-madalena\/\",\"name\":\"Morte e vida Madalena - Espect\u00e1culos\",\"isPartOf\":{\"@id\":\"https:\/\/sodre.gub.uy\/espectaculos\/#website\"},\"datePublished\":\"2026-04-08T16:58:32+00:00\",\"dateModified\":\"2026-04-08T17:57:51+00:00\",\"inLanguage\":\"es\",\"potentialAction\":[{\"@type\":\"ReadAction\",\"target\":[\"https:\/\/sodre.gub.uy\/espectaculos\/morte-e-vida-madalena\/\"]}]},{\"@type\":\"WebSite\",\"@id\":\"https:\/\/sodre.gub.uy\/espectaculos\/#website\",\"url\":\"https:\/\/sodre.gub.uy\/espectaculos\/\",\"name\":\"Espect\u00e1culos\",\"description\":\"Servicio Oficial de Difusi\u00f3n, Representaciones y Espect\u00e1culos\",\"publisher\":{\"@id\":\"https:\/\/sodre.gub.uy\/espectaculos\/#organization\"},\"potentialAction\":[{\"@type\":\"SearchAction\",\"target\":{\"@type\":\"EntryPoint\",\"urlTemplate\":\"https:\/\/sodre.gub.uy\/espectaculos\/?s={search_term_string}\"},\"query-input\":\"required name=search_term_string\"}],\"inLanguage\":\"es\"},{\"@type\":\"Organization\",\"@id\":\"https:\/\/sodre.gub.uy\/espectaculos\/#organization\",\"name\":\"Espect\u00e1culos\",\"url\":\"https:\/\/sodre.gub.uy\/espectaculos\/\",\"logo\":{\"@type\":\"ImageObject\",\"inLanguage\":\"es\",\"@id\":\"https:\/\/sodre.gub.uy\/espectaculos\/#\/schema\/logo\/image\/\",\"url\":\"https:\/\/sodre.gub.uy\/espectaculos\/wp-content\/uploads\/sites\/2\/2023\/12\/logo-sodre-black.svg\",\"contentUrl\":\"https:\/\/sodre.gub.uy\/espectaculos\/wp-content\/uploads\/sites\/2\/2023\/12\/logo-sodre-black.svg\",\"caption\":\"Espect\u00e1culos\"},\"image\":{\"@id\":\"https:\/\/sodre.gub.uy\/espectaculos\/#\/schema\/logo\/image\/\"}}]}<\/script>\n<!-- \/ Yoast SEO plugin. -->","yoast_head_json":{"title":"Morte e vida Madalena - Espect\u00e1culos","robots":{"index":"index","follow":"follow","max-snippet":"max-snippet:-1","max-image-preview":"max-image-preview:large","max-video-preview":"max-video-preview:-1"},"canonical":"https:\/\/sodre.gub.uy\/espectaculos\/morte-e-vida-madalena\/","og_locale":"es_ES","og_type":"article","og_title":"Morte e vida Madalena - Espect\u00e1culos","og_description":"Festival Cinemateca","og_url":"https:\/\/sodre.gub.uy\/espectaculos\/morte-e-vida-madalena\/","og_site_name":"Espect\u00e1culos","article_modified_time":"2026-04-08T17:57:51+00:00","twitter_card":"summary_large_image","twitter_misc":{"Tiempo de lectura":"2 minutos"},"schema":{"@context":"https:\/\/schema.org","@graph":[{"@type":"WebPage","@id":"https:\/\/sodre.gub.uy\/espectaculos\/morte-e-vida-madalena\/","url":"https:\/\/sodre.gub.uy\/espectaculos\/morte-e-vida-madalena\/","name":"Morte e vida Madalena - Espect\u00e1culos","isPartOf":{"@id":"https:\/\/sodre.gub.uy\/espectaculos\/#website"},"datePublished":"2026-04-08T16:58:32+00:00","dateModified":"2026-04-08T17:57:51+00:00","inLanguage":"es","potentialAction":[{"@type":"ReadAction","target":["https:\/\/sodre.gub.uy\/espectaculos\/morte-e-vida-madalena\/"]}]},{"@type":"WebSite","@id":"https:\/\/sodre.gub.uy\/espectaculos\/#website","url":"https:\/\/sodre.gub.uy\/espectaculos\/","name":"Espect\u00e1culos","description":"Servicio Oficial de Difusi\u00f3n, Representaciones y Espect\u00e1culos","publisher":{"@id":"https:\/\/sodre.gub.uy\/espectaculos\/#organization"},"potentialAction":[{"@type":"SearchAction","target":{"@type":"EntryPoint","urlTemplate":"https:\/\/sodre.gub.uy\/espectaculos\/?s={search_term_string}"},"query-input":"required name=search_term_string"}],"inLanguage":"es"},{"@type":"Organization","@id":"https:\/\/sodre.gub.uy\/espectaculos\/#organization","name":"Espect\u00e1culos","url":"https:\/\/sodre.gub.uy\/espectaculos\/","logo":{"@type":"ImageObject","inLanguage":"es","@id":"https:\/\/sodre.gub.uy\/espectaculos\/#\/schema\/logo\/image\/","url":"https:\/\/sodre.gub.uy\/espectaculos\/wp-content\/uploads\/sites\/2\/2023\/12\/logo-sodre-black.svg","contentUrl":"https:\/\/sodre.gub.uy\/espectaculos\/wp-content\/uploads\/sites\/2\/2023\/12\/logo-sodre-black.svg","caption":"Espect\u00e1culos"},"image":{"@id":"https:\/\/sodre.gub.uy\/espectaculos\/#\/schema\/logo\/image\/"}}]}},"_links":{"self":[{"href":"https:\/\/sodre.gub.uy\/espectaculos\/wp-json\/wp\/v2\/espectaculo\/11588"}],"collection":[{"href":"https:\/\/sodre.gub.uy\/espectaculos\/wp-json\/wp\/v2\/espectaculo"}],"about":[{"href":"https:\/\/sodre.gub.uy\/espectaculos\/wp-json\/wp\/v2\/types\/espectaculo"}],"version-history":[{"count":4,"href":"https:\/\/sodre.gub.uy\/espectaculos\/wp-json\/wp\/v2\/espectaculo\/11588\/revisions"}],"predecessor-version":[{"id":11594,"href":"https:\/\/sodre.gub.uy\/espectaculos\/wp-json\/wp\/v2\/espectaculo\/11588\/revisions\/11594"}],"wp:attachment":[{"href":"https:\/\/sodre.gub.uy\/espectaculos\/wp-json\/wp\/v2\/media?parent=11588"}],"wp:term":[{"taxonomy":"cuerpo-estable","embeddable":true,"href":"https:\/\/sodre.gub.uy\/espectaculos\/wp-json\/wp\/v2\/cuerpo-estable?post=11588"},{"taxonomy":"etiqueta-espectaculo","embeddable":true,"href":"https:\/\/sodre.gub.uy\/espectaculos\/wp-json\/wp\/v2\/etiqueta-espectaculo?post=11588"},{"taxonomy":"lugar","embeddable":true,"href":"https:\/\/sodre.gub.uy\/espectaculos\/wp-json\/wp\/v2\/lugar?post=11588"},{"taxonomy":"sala-espacio","embeddable":true,"href":"https:\/\/sodre.gub.uy\/espectaculos\/wp-json\/wp\/v2\/sala-espacio?post=11588"}],"curies":[{"name":"wp","href":"https:\/\/api.w.org\/{rel}","templated":true}]}}

<div class="wpb-content-wrapper"><p>[vc_section el_class=»content&#8211;espectaculo»][vc_row el_class=»cyg&#8211;descripcion»][vc_column][vc_column_text]Madalena es una productora de cine con ocho meses de embarazo y está a punto de rodar una película de ciencia ficción de bajo presupuesto escrita por su padre, recientemente fallecido. Cuando Davi, el director de la película y su exmarido, desaparece misteriosamente del set, Madalena debe hacer todo lo posible para terminar la película antes de que nazca el bebé. Desde su título, la película evoca “Muerte y vida Severina” de Joao Cabral de Melo Neto, sugiriendo un viaje de supervivencia y creación que recorre el cuerpo y el alma de la protagonista. Madalena es una mujer que necesita seguir adelante incluso cuando todo a su alrededor amenaza con derrumbarse. Cada revés en el set se convierte en una prueba de resiliencia, un rito de paso que la obliga a redescubrir la fuerza donde parecía no quedar. El agotamiento, la desesperación y la improvisación se acumulan, pero también revelan la capacidad de transformar los sueños en premoniciones y la ruina en persistencia. El acto de filmar y seguir produciendo se convierte así en una metáfora de la gestación.</p>
<p>[/vc_column_text][vc_empty_space height=»30px» el_class=»cyg&#8211;espacio-30&#8243;][/vc_column][/vc_row][vc_row el_class=»cyg&#8211;ficha»][vc_column width=»1/2&#8243;][vc_row_inner][vc_column_inner][vc_column_text]Brasil, Portugal, 2025</p>
<p><strong>Dirección:</strong> Guto Parente</p>
<p><strong>Elenco:</strong> Noá Bonoba, Tavinho Teixeira, Nataly Rocha[/vc_column_text][vc_empty_space height=»10&#8243; el_class=»cyg&#8211;espacio-10&#8243;][/vc_column_inner][/vc_row_inner][vc_row_inner][vc_column_inner][vc_empty_space height=»10&#8243; el_class=»cyg&#8211;espacio-10&#8243;][/vc_column_inner][/vc_row_inner][/vc_column][vc_column width=»1/2&#8243;][vc_row_inner][vc_column_inner][vc_empty_space height=»10&#8243; el_class=»cyg&#8211;espacio-10&#8243;][/vc_column_inner][/vc_row_inner][vc_row_inner][vc_column_inner][vc_empty_space height=»10&#8243; el_class=»cyg&#8211;espacio-10&#8243;][/vc_column_inner][/vc_row_inner][/vc_column][/vc_row][vc_row][vc_column][vc_empty_space height=»10px»][vc_column_text]<strong>Duración:</strong> 85 min.[/vc_column_text][vc_column_text]Apta para mayores de 18 años.[/vc_column_text][/vc_column][/vc_row][/vc_section][vc_row][vc_column][vc_empty_space height=»62px»]
<a 
role="link"
aria-label="Programación completa"
class="cyg--btn " 
href="https://cinemateca.org.uy/"
target=""
>
Programación completa</a>
[/vc_column][/vc_row]</p>
</div>

<!-- This site is optimized with the Yoast SEO plugin v21.7 - https://yoast.com/wordpress/plugins/seo/ -->
<title>Morte e vida Madalena - Espectáculos</title>
<meta name="robots" content="index, follow, max-snippet:-1, max-image-preview:large, max-video-preview:-1" />
<link rel="canonical" href="https://sodre.gub.uy/espectaculos/morte-e-vida-madalena/" />
<meta property="og:locale" content="es_ES" />
<meta property="og:type" content="article" />
<meta property="og:title" content="Morte e vida Madalena - Espectáculos" />
<meta property="og:description" content="Festival Cinemateca" />
<meta property="og:url" content="https://sodre.gub.uy/espectaculos/morte-e-vida-madalena/" />
<meta property="og:site_name" content="Espectáculos" />
<meta property="article:modified_time" content="2026-04-08T17:57:51+00:00" />
<meta name="twitter:card" content="summary_large_image" />
<meta name="twitter:label1" content="Tiempo de lectura" />
	<meta name="twitter:data1" content="2 minutos" />
<script type="application/ld+json" class="yoast-schema-graph">{"@context":"https://schema.org","@graph":[{"@type":"WebPage","@id":"https://sodre.gub.uy/espectaculos/morte-e-vida-madalena/","url":"https://sodre.gub.uy/espectaculos/morte-e-vida-madalena/","name":"Morte e vida Madalena - Espectáculos","isPartOf":{"@id":"https://sodre.gub.uy/espectaculos/#website"},"datePublished":"2026-04-08T16:58:32+00:00","dateModified":"2026-04-08T17:57:51+00:00","inLanguage":"es","potentialAction":[{"@type":"ReadAction","target":["https://sodre.gub.uy/espectaculos/morte-e-vida-madalena/"]}]},{"@type":"WebSite","@id":"https://sodre.gub.uy/espectaculos/#website","url":"https://sodre.gub.uy/espectaculos/","name":"Espectáculos","description":"Servicio Oficial de Difusión, Representaciones y Espectáculos","publisher":{"@id":"https://sodre.gub.uy/espectaculos/#organization"},"potentialAction":[{"@type":"SearchAction","target":{"@type":"EntryPoint","urlTemplate":"https://sodre.gub.uy/espectaculos/?s={search_term_string}"},"query-input":"required name=search_term_string"}],"inLanguage":"es"},{"@type":"Organization","@id":"https://sodre.gub.uy/espectaculos/#organization","name":"Espectáculos","url":"https://sodre.gub.uy/espectaculos/","logo":{"@type":"ImageObject","inLanguage":"es","@id":"https://sodre.gub.uy/espectaculos/#/schema/logo/image/","url":"https://sodre.gub.uy/espectaculos/wp-content/uploads/sites/2/2023/12/logo-sodre-black.svg","contentUrl":"https://sodre.gub.uy/espectaculos/wp-content/uploads/sites/2/2023/12/logo-sodre-black.svg","caption":"Espectáculos"},"image":{"@id":"https://sodre.gub.uy/espectaculos/#/schema/logo/image/"}}]}</script>
<!-- / Yoast SEO plugin. -->

Morte e vida Madalena - Espectáculos

Espectáculos

Servicio Oficial de Difusión, Representaciones y Espectáculos
