{"id":11435,"date":"2026-03-12T09:53:38","date_gmt":"2026-03-12T12:53:38","guid":{"rendered":"https:\/\/sodre.gub.uy\/espectaculos\/?post_type=espectaculo&#038;p=11435"},"modified":"2026-03-12T09:53:38","modified_gmt":"2026-03-12T12:53:38","slug":"djavan","status":"publish","type":"espectaculo","link":"https:\/\/sodre.gub.uy\/espectaculos\/djavan\/","title":{"rendered":"Djavan"},"content":{"rendered":"<div class=\"wpb-content-wrapper\"><p>[vc_section el_class=\u00bbcontent&#8211;espectaculo\u00bb][vc_row el_class=\u00bbcyg&#8211;descripcion\u00bb][vc_column][vc_column_text]El espect\u00e1culo <em>Djavanear 50 anos. S\u00f3 sucessos<\/em>\u00a0recorrer\u00e1 estadios y arenas en todas las regiones del pa\u00eds con los mayores \u00e9xitos de todas las etapas de la discograf\u00eda del cantante alagoano a partir de mayo de 2026.<\/p>\n<p>En 1976, Djavan inici\u00f3 su trayectoria con el lanzamiento de <em>A Voz, o Viol\u00e3o, a M\u00fasica de Djavan<\/em>, sin imaginar que se convertir\u00eda en uno de los mayores \u00edconos de la m\u00fasica popular brasile\u00f1a. A partir de mayo de 2026, el artista alagoano celebra cinco d\u00e9cadas de carrera con la gira <em>Djavanear 50 anos. S\u00f3 sucessos<\/em>, que comenzar\u00e1 en S\u00e3o Paulo antes de pasar por estadios y arenas de Brasil, Europa y Am\u00e9rica Latina en un espect\u00e1culo compuesto exclusivamente por sus grandes \u00e9xitos.<\/p>\n<p>Adem\u00e1s de su pa\u00eds de origen, Lisboa (Portugal) y otras ciudades europeas forman parte del itinerario. El repertorio incluir\u00e1 al menos 25 canciones que abarcan toda su discograf\u00eda, entre ellas cl\u00e1sicos como <em>Sina<\/em>, <em>Oceano<\/em>, <em>Um Amor Puro<\/em>, <em>Se\u2026<\/em>, <em>Eu Te Devoro<\/em>, <em>Samurai<\/em>, <em>Flor de Lis<\/em> y <em>A\u00e7a\u00ed<\/em>.<\/p>\n<p>Con direcci\u00f3n art\u00edstica de Gringo Cardia, la gira tambi\u00e9n cuenta con la mirada creativa de C\u00e9sio Lima (dise\u00f1ador de iluminaci\u00f3n y director de fotograf\u00eda), Mari Pitta (directora de iluminaci\u00f3n) y S\u00e9rgio Almeida (programaci\u00f3n y operaci\u00f3n de luces). Sobre el escenario, Djavan (voz, guitarra ac\u00fastica y guitarra el\u00e9ctrica) se presenta junto a Felipe Alves (bater\u00eda), Marcelo Mariano (bajo), Torcuato Mariano (guitarra el\u00e9ctrica y ac\u00fastica), Paulo Calasans (piano y teclado), Renato Fonseca (teclado), Jess\u00e9 Sadoc (trompeta y fliscorno), Marcelo Martins (saxof\u00f3n tenor y flauta) y Rafael Rocha (tromb\u00f3n).[\/vc_column_text][vc_empty_space height=\u00bb30px\u00bb el_class=\u00bbcyg&#8211;espacio-30&#8243;][\/vc_column][\/vc_row][vc_row el_class=\u00bbcyg&#8211;ficha\u00bb][vc_column width=\u00bb1\/2&#8243;][vc_row_inner][vc_column_inner][vc_empty_space height=\u00bb10&#8243; el_class=\u00bbcyg&#8211;espacio-10&#8243;][\/vc_column_inner][\/vc_row_inner][vc_row_inner][vc_column_inner][vc_empty_space height=\u00bb10&#8243; el_class=\u00bbcyg&#8211;espacio-10&#8243;][\/vc_column_inner][\/vc_row_inner][\/vc_column][vc_column width=\u00bb1\/2&#8243;][vc_row_inner][vc_column_inner][vc_empty_space height=\u00bb10&#8243; el_class=\u00bbcyg&#8211;espacio-10&#8243;][\/vc_column_inner][\/vc_row_inner][vc_row_inner][vc_column_inner][vc_empty_space height=\u00bb10&#8243; el_class=\u00bbcyg&#8211;espacio-10&#8243;][\/vc_column_inner][\/vc_row_inner][\/vc_column][\/vc_row][vc_row][vc_column][vc_empty_space height=\u00bb10px\u00bb][vc_column_text]Menores de 15 a\u00f1os deben de asistir acompa\u00f1ados por un adulto.<\/p>\n<p>Todos los menores pagan.[\/vc_column_text][\/vc_column][\/vc_row][\/vc_section]<\/p>\n<\/div>","protected":false},"excerpt":{"rendered":"<p>Celebra 50 a\u00f1os de carrera con una gira nacional<\/p>\n","protected":false},"menu_order":0,"template":"","format":"standard","cuerpo-estable":[],"etiqueta-espectaculo":[39],"lugar":[16],"sala-espacio":[30],"acf":[],"yoast_head":"<!-- This site is optimized with the Yoast SEO plugin v21.7 - https:\/\/yoast.com\/wordpress\/plugins\/seo\/ -->\n<title>Djavan - Espect\u00e1culos<\/title>\n<meta name=\"robots\" content=\"index, follow, max-snippet:-1, max-image-preview:large, max-video-preview:-1\" \/>\n<link rel=\"canonical\" href=\"https:\/\/sodre.gub.uy\/espectaculos\/djavan\/\" \/>\n<meta property=\"og:locale\" content=\"es_ES\" \/>\n<meta property=\"og:type\" content=\"article\" \/>\n<meta property=\"og:title\" content=\"Djavan - Espect\u00e1culos\" \/>\n<meta property=\"og:description\" content=\"Celebra 50 a\u00f1os de carrera con una gira nacional\" \/>\n<meta property=\"og:url\" content=\"https:\/\/sodre.gub.uy\/espectaculos\/djavan\/\" \/>\n<meta property=\"og:site_name\" content=\"Espect\u00e1culos\" \/>\n<meta name=\"twitter:card\" content=\"summary_large_image\" \/>\n<meta name=\"twitter:label1\" content=\"Tiempo de lectura\" \/>\n\t<meta name=\"twitter:data1\" content=\"2 minutos\" \/>\n<script type=\"application\/ld+json\" class=\"yoast-schema-graph\">{\"@context\":\"https:\/\/schema.org\",\"@graph\":[{\"@type\":\"WebPage\",\"@id\":\"https:\/\/sodre.gub.uy\/espectaculos\/djavan\/\",\"url\":\"https:\/\/sodre.gub.uy\/espectaculos\/djavan\/\",\"name\":\"Djavan - Espect\u00e1culos\",\"isPartOf\":{\"@id\":\"https:\/\/sodre.gub.uy\/espectaculos\/#website\"},\"datePublished\":\"2026-03-12T12:53:38+00:00\",\"dateModified\":\"2026-03-12T12:53:38+00:00\",\"inLanguage\":\"es\",\"potentialAction\":[{\"@type\":\"ReadAction\",\"target\":[\"https:\/\/sodre.gub.uy\/espectaculos\/djavan\/\"]}]},{\"@type\":\"WebSite\",\"@id\":\"https:\/\/sodre.gub.uy\/espectaculos\/#website\",\"url\":\"https:\/\/sodre.gub.uy\/espectaculos\/\",\"name\":\"Espect\u00e1culos\",\"description\":\"Servicio Oficial de Difusi\u00f3n, Representaciones y Espect\u00e1culos\",\"publisher\":{\"@id\":\"https:\/\/sodre.gub.uy\/espectaculos\/#organization\"},\"potentialAction\":[{\"@type\":\"SearchAction\",\"target\":{\"@type\":\"EntryPoint\",\"urlTemplate\":\"https:\/\/sodre.gub.uy\/espectaculos\/?s={search_term_string}\"},\"query-input\":\"required name=search_term_string\"}],\"inLanguage\":\"es\"},{\"@type\":\"Organization\",\"@id\":\"https:\/\/sodre.gub.uy\/espectaculos\/#organization\",\"name\":\"Espect\u00e1culos\",\"url\":\"https:\/\/sodre.gub.uy\/espectaculos\/\",\"logo\":{\"@type\":\"ImageObject\",\"inLanguage\":\"es\",\"@id\":\"https:\/\/sodre.gub.uy\/espectaculos\/#\/schema\/logo\/image\/\",\"url\":\"https:\/\/sodre.gub.uy\/espectaculos\/wp-content\/uploads\/sites\/2\/2023\/12\/logo-sodre-black.svg\",\"contentUrl\":\"https:\/\/sodre.gub.uy\/espectaculos\/wp-content\/uploads\/sites\/2\/2023\/12\/logo-sodre-black.svg\",\"caption\":\"Espect\u00e1culos\"},\"image\":{\"@id\":\"https:\/\/sodre.gub.uy\/espectaculos\/#\/schema\/logo\/image\/\"}}]}<\/script>\n<!-- \/ Yoast SEO plugin. -->","yoast_head_json":{"title":"Djavan - Espect\u00e1culos","robots":{"index":"index","follow":"follow","max-snippet":"max-snippet:-1","max-image-preview":"max-image-preview:large","max-video-preview":"max-video-preview:-1"},"canonical":"https:\/\/sodre.gub.uy\/espectaculos\/djavan\/","og_locale":"es_ES","og_type":"article","og_title":"Djavan - Espect\u00e1culos","og_description":"Celebra 50 a\u00f1os de carrera con una gira nacional","og_url":"https:\/\/sodre.gub.uy\/espectaculos\/djavan\/","og_site_name":"Espect\u00e1culos","twitter_card":"summary_large_image","twitter_misc":{"Tiempo de lectura":"2 minutos"},"schema":{"@context":"https:\/\/schema.org","@graph":[{"@type":"WebPage","@id":"https:\/\/sodre.gub.uy\/espectaculos\/djavan\/","url":"https:\/\/sodre.gub.uy\/espectaculos\/djavan\/","name":"Djavan - Espect\u00e1culos","isPartOf":{"@id":"https:\/\/sodre.gub.uy\/espectaculos\/#website"},"datePublished":"2026-03-12T12:53:38+00:00","dateModified":"2026-03-12T12:53:38+00:00","inLanguage":"es","potentialAction":[{"@type":"ReadAction","target":["https:\/\/sodre.gub.uy\/espectaculos\/djavan\/"]}]},{"@type":"WebSite","@id":"https:\/\/sodre.gub.uy\/espectaculos\/#website","url":"https:\/\/sodre.gub.uy\/espectaculos\/","name":"Espect\u00e1culos","description":"Servicio Oficial de Difusi\u00f3n, Representaciones y Espect\u00e1culos","publisher":{"@id":"https:\/\/sodre.gub.uy\/espectaculos\/#organization"},"potentialAction":[{"@type":"SearchAction","target":{"@type":"EntryPoint","urlTemplate":"https:\/\/sodre.gub.uy\/espectaculos\/?s={search_term_string}"},"query-input":"required name=search_term_string"}],"inLanguage":"es"},{"@type":"Organization","@id":"https:\/\/sodre.gub.uy\/espectaculos\/#organization","name":"Espect\u00e1culos","url":"https:\/\/sodre.gub.uy\/espectaculos\/","logo":{"@type":"ImageObject","inLanguage":"es","@id":"https:\/\/sodre.gub.uy\/espectaculos\/#\/schema\/logo\/image\/","url":"https:\/\/sodre.gub.uy\/espectaculos\/wp-content\/uploads\/sites\/2\/2023\/12\/logo-sodre-black.svg","contentUrl":"https:\/\/sodre.gub.uy\/espectaculos\/wp-content\/uploads\/sites\/2\/2023\/12\/logo-sodre-black.svg","caption":"Espect\u00e1culos"},"image":{"@id":"https:\/\/sodre.gub.uy\/espectaculos\/#\/schema\/logo\/image\/"}}]}},"_links":{"self":[{"href":"https:\/\/sodre.gub.uy\/espectaculos\/wp-json\/wp\/v2\/espectaculo\/11435"}],"collection":[{"href":"https:\/\/sodre.gub.uy\/espectaculos\/wp-json\/wp\/v2\/espectaculo"}],"about":[{"href":"https:\/\/sodre.gub.uy\/espectaculos\/wp-json\/wp\/v2\/types\/espectaculo"}],"version-history":[{"count":1,"href":"https:\/\/sodre.gub.uy\/espectaculos\/wp-json\/wp\/v2\/espectaculo\/11435\/revisions"}],"predecessor-version":[{"id":11438,"href":"https:\/\/sodre.gub.uy\/espectaculos\/wp-json\/wp\/v2\/espectaculo\/11435\/revisions\/11438"}],"wp:attachment":[{"href":"https:\/\/sodre.gub.uy\/espectaculos\/wp-json\/wp\/v2\/media?parent=11435"}],"wp:term":[{"taxonomy":"cuerpo-estable","embeddable":true,"href":"https:\/\/sodre.gub.uy\/espectaculos\/wp-json\/wp\/v2\/cuerpo-estable?post=11435"},{"taxonomy":"etiqueta-espectaculo","embeddable":true,"href":"https:\/\/sodre.gub.uy\/espectaculos\/wp-json\/wp\/v2\/etiqueta-espectaculo?post=11435"},{"taxonomy":"lugar","embeddable":true,"href":"https:\/\/sodre.gub.uy\/espectaculos\/wp-json\/wp\/v2\/lugar?post=11435"},{"taxonomy":"sala-espacio","embeddable":true,"href":"https:\/\/sodre.gub.uy\/espectaculos\/wp-json\/wp\/v2\/sala-espacio?post=11435"}],"curies":[{"name":"wp","href":"https:\/\/api.w.org\/{rel}","templated":true}]}}

<div class="wpb-content-wrapper"><p>[vc_section el_class=»content&#8211;espectaculo»][vc_row el_class=»cyg&#8211;descripcion»][vc_column][vc_column_text]El espectáculo <em>Djavanear 50 anos. Só sucessos</em> recorrerá estadios y arenas en todas las regiones del país con los mayores éxitos de todas las etapas de la discografía del cantante alagoano a partir de mayo de 2026.</p>
<p>En 1976, Djavan inició su trayectoria con el lanzamiento de <em>A Voz, o Violão, a Música de Djavan</em>, sin imaginar que se convertiría en uno de los mayores íconos de la música popular brasileña. A partir de mayo de 2026, el artista alagoano celebra cinco décadas de carrera con la gira <em>Djavanear 50 anos. Só sucessos</em>, que comenzará en São Paulo antes de pasar por estadios y arenas de Brasil, Europa y América Latina en un espectáculo compuesto exclusivamente por sus grandes éxitos.</p>
<p>Además de su país de origen, Lisboa (Portugal) y otras ciudades europeas forman parte del itinerario. El repertorio incluirá al menos 25 canciones que abarcan toda su discografía, entre ellas clásicos como <em>Sina</em>, <em>Oceano</em>, <em>Um Amor Puro</em>, <em>Se…</em>, <em>Eu Te Devoro</em>, <em>Samurai</em>, <em>Flor de Lis</em> y <em>Açaí</em>.</p>
<p>Con dirección artística de Gringo Cardia, la gira también cuenta con la mirada creativa de Césio Lima (diseñador de iluminación y director de fotografía), Mari Pitta (directora de iluminación) y Sérgio Almeida (programación y operación de luces). Sobre el escenario, Djavan (voz, guitarra acústica y guitarra eléctrica) se presenta junto a Felipe Alves (batería), Marcelo Mariano (bajo), Torcuato Mariano (guitarra eléctrica y acústica), Paulo Calasans (piano y teclado), Renato Fonseca (teclado), Jessé Sadoc (trompeta y fliscorno), Marcelo Martins (saxofón tenor y flauta) y Rafael Rocha (trombón).[/vc_column_text][vc_empty_space height=»30px» el_class=»cyg&#8211;espacio-30&#8243;][/vc_column][/vc_row][vc_row el_class=»cyg&#8211;ficha»][vc_column width=»1/2&#8243;][vc_row_inner][vc_column_inner][vc_empty_space height=»10&#8243; el_class=»cyg&#8211;espacio-10&#8243;][/vc_column_inner][/vc_row_inner][vc_row_inner][vc_column_inner][vc_empty_space height=»10&#8243; el_class=»cyg&#8211;espacio-10&#8243;][/vc_column_inner][/vc_row_inner][/vc_column][vc_column width=»1/2&#8243;][vc_row_inner][vc_column_inner][vc_empty_space height=»10&#8243; el_class=»cyg&#8211;espacio-10&#8243;][/vc_column_inner][/vc_row_inner][vc_row_inner][vc_column_inner][vc_empty_space height=»10&#8243; el_class=»cyg&#8211;espacio-10&#8243;][/vc_column_inner][/vc_row_inner][/vc_column][/vc_row][vc_row][vc_column][vc_empty_space height=»10px»][vc_column_text]Menores de 15 años deben de asistir acompañados por un adulto.</p>
<p>Todos los menores pagan.[/vc_column_text][/vc_column][/vc_row][/vc_section]</p>
</div>

<p>Celebra 50 años de carrera con una gira nacional</p>

<!-- This site is optimized with the Yoast SEO plugin v21.7 - https://yoast.com/wordpress/plugins/seo/ -->
<title>Djavan - Espectáculos</title>
<meta name="robots" content="index, follow, max-snippet:-1, max-image-preview:large, max-video-preview:-1" />
<link rel="canonical" href="https://sodre.gub.uy/espectaculos/djavan/" />
<meta property="og:locale" content="es_ES" />
<meta property="og:type" content="article" />
<meta property="og:title" content="Djavan - Espectáculos" />
<meta property="og:description" content="Celebra 50 años de carrera con una gira nacional" />
<meta property="og:url" content="https://sodre.gub.uy/espectaculos/djavan/" />
<meta property="og:site_name" content="Espectáculos" />
<meta name="twitter:card" content="summary_large_image" />
<meta name="twitter:label1" content="Tiempo de lectura" />
	<meta name="twitter:data1" content="2 minutos" />
<script type="application/ld+json" class="yoast-schema-graph">{"@context":"https://schema.org","@graph":[{"@type":"WebPage","@id":"https://sodre.gub.uy/espectaculos/djavan/","url":"https://sodre.gub.uy/espectaculos/djavan/","name":"Djavan - Espectáculos","isPartOf":{"@id":"https://sodre.gub.uy/espectaculos/#website"},"datePublished":"2026-03-12T12:53:38+00:00","dateModified":"2026-03-12T12:53:38+00:00","inLanguage":"es","potentialAction":[{"@type":"ReadAction","target":["https://sodre.gub.uy/espectaculos/djavan/"]}]},{"@type":"WebSite","@id":"https://sodre.gub.uy/espectaculos/#website","url":"https://sodre.gub.uy/espectaculos/","name":"Espectáculos","description":"Servicio Oficial de Difusión, Representaciones y Espectáculos","publisher":{"@id":"https://sodre.gub.uy/espectaculos/#organization"},"potentialAction":[{"@type":"SearchAction","target":{"@type":"EntryPoint","urlTemplate":"https://sodre.gub.uy/espectaculos/?s={search_term_string}"},"query-input":"required name=search_term_string"}],"inLanguage":"es"},{"@type":"Organization","@id":"https://sodre.gub.uy/espectaculos/#organization","name":"Espectáculos","url":"https://sodre.gub.uy/espectaculos/","logo":{"@type":"ImageObject","inLanguage":"es","@id":"https://sodre.gub.uy/espectaculos/#/schema/logo/image/","url":"https://sodre.gub.uy/espectaculos/wp-content/uploads/sites/2/2023/12/logo-sodre-black.svg","contentUrl":"https://sodre.gub.uy/espectaculos/wp-content/uploads/sites/2/2023/12/logo-sodre-black.svg","caption":"Espectáculos"},"image":{"@id":"https://sodre.gub.uy/espectaculos/#/schema/logo/image/"}}]}</script>
<!-- / Yoast SEO plugin. -->

Djavan - Espectáculos

Celebra 50 años de carrera con una gira nacional

Espectáculos

Servicio Oficial de Difusión, Representaciones y Espectáculos
