{"id":11407,"date":"2026-03-11T09:59:05","date_gmt":"2026-03-11T12:59:05","guid":{"rendered":"https:\/\/sodre.gub.uy\/espectaculos\/?post_type=espectaculo&#038;p=11407"},"modified":"2026-03-11T10:11:25","modified_gmt":"2026-03-11T13:11:25","slug":"un-rey-para-la-patagonia","status":"publish","type":"espectaculo","link":"https:\/\/sodre.gub.uy\/espectaculos\/un-rey-para-la-patagonia\/","title":{"rendered":"Un rey para la Patagonia"},"content":{"rendered":"<div class=\"wpb-content-wrapper\"><p>[vc_section el_class=\u00bbcontent&#8211;espectaculo\u00bb][vc_row el_class=\u00bbcyg&#8211;descripcion\u00bb][vc_column][vc_column_text]La pel\u00edcula cuenta la historia del franc\u00e9s Or\u00e9lie Antoine, proclamado Rey de la Patagonia, y de quien quiso llevar al cine esta historia en los a\u00f1os \u00b470, Juan Fres\u00e1n, tarea que qued\u00f3 trunca. Turturro decidi\u00f3 retomar la huella de aquella pel\u00edcula inconclusa (experiencia que le inspir\u00f3 a Carlos Sor\u00edn a hacer \u201cLa pel\u00edculadel Rey\u201d), exhumando materiales in\u00e9ditos, volviendo a sus escenarios originales y acopiando testimonios, para iluminar las dos historias \u2013una dentro de la otra\u2013 que componen este relato real, m\u00e1s extra\u00f1o y fascinante que cualquier ficci\u00f3n.<\/p>\n<p>Por si esto fuera poco, el guion del joven Turturro y de Christian Ferrer (soci\u00f3logo anarquista) incluye un reportaje in\u00e9dito que un joven Tom\u00e1s Eloy Mart\u00ednez le hizo en Francia al actual descendiente del monarca, junto al relato en off de Miguel Dedovich.<\/p>\n<p>&nbsp;<\/p>\n<h4>Entrada gratuita.<\/h4>\n<p>[\/vc_column_text][vc_empty_space height=\u00bb60px\u00bb el_class=\u00bbcyg&#8211;espacio-30&#8243;][\/vc_column][\/vc_row][vc_row el_class=\u00bbcyg&#8211;ficha\u00bb][vc_column width=\u00bb1\/2&#8243;][vc_row_inner][vc_column_inner][vc_empty_space height=\u00bb60&#8243; el_class=\u00bbcyg&#8211;espacio-10&#8243;][vc_column_text]<strong>Direcci\u00f3n:<\/strong> Lucas Turturro[\/vc_column_text][\/vc_column_inner][\/vc_row_inner][vc_row_inner][vc_column_inner][vc_empty_space height=\u00bb10&#8243; el_class=\u00bbcyg&#8211;espacio-10&#8243;][\/vc_column_inner][\/vc_row_inner][\/vc_column][vc_column width=\u00bb1\/2&#8243;][vc_row_inner][vc_column_inner][vc_empty_space height=\u00bb10&#8243; el_class=\u00bbcyg&#8211;espacio-10&#8243;][\/vc_column_inner][\/vc_row_inner][vc_row_inner][vc_column_inner][vc_empty_space height=\u00bb10&#8243; el_class=\u00bbcyg&#8211;espacio-10&#8243;][\/vc_column_inner][\/vc_row_inner][\/vc_column][\/vc_row][vc_row][vc_column][vc_empty_space height=\u00bb60px\u00bb][vc_column_text]Argentina \u2013 2011<\/p>\n<p><strong>Duraci\u00f3n:<\/strong> 83 min.[\/vc_column_text][vc_empty_space height=\u00bb60px\u00bb]\r\n<a \r\nrole=\"link\"\r\naria-label=\"Francofon\u00eda en Uruguay \u2013 Programaci\u00f3n 2026\"\r\nclass=\"cyg--btn \" \r\nhref=\"https:\/\/www.gub.uy\/ministerio-educacion-cultura\/sites\/ministerio-educacion-cultura\/files\/documentos\/noticias\/Francofon%C3%ADa%202026%20-%20Grilla%20actividades%20-26%20feb.pdf\"\r\ntarget=\"\"\r\n>\r\nFrancofon\u00eda en Uruguay \u2013 Programaci\u00f3n 2026<\/a>\r\n[\/vc_column][\/vc_row][\/vc_section]<\/p>\n<\/div>","protected":false},"excerpt":{"rendered":"<p>En el marco de las celebraciones por el D\u00eda Internacional de la Francofon\u00eda<\/p>\n","protected":false},"menu_order":0,"template":"","format":"standard","cuerpo-estable":[],"etiqueta-espectaculo":[47],"lugar":[17],"sala-espacio":[36],"acf":[],"yoast_head":"<!-- This site is optimized with the Yoast SEO plugin v21.7 - https:\/\/yoast.com\/wordpress\/plugins\/seo\/ -->\n<title>Un rey para la Patagonia - Espect\u00e1culos<\/title>\n<meta name=\"robots\" content=\"index, follow, max-snippet:-1, max-image-preview:large, max-video-preview:-1\" \/>\n<link rel=\"canonical\" href=\"https:\/\/sodre.gub.uy\/espectaculos\/un-rey-para-la-patagonia\/\" \/>\n<meta property=\"og:locale\" content=\"es_ES\" \/>\n<meta property=\"og:type\" content=\"article\" \/>\n<meta property=\"og:title\" content=\"Un rey para la Patagonia - Espect\u00e1culos\" \/>\n<meta property=\"og:description\" content=\"En el marco de las celebraciones por el D\u00eda Internacional de la Francofon\u00eda\" \/>\n<meta property=\"og:url\" content=\"https:\/\/sodre.gub.uy\/espectaculos\/un-rey-para-la-patagonia\/\" \/>\n<meta property=\"og:site_name\" content=\"Espect\u00e1culos\" \/>\n<meta property=\"article:modified_time\" content=\"2026-03-11T13:11:25+00:00\" \/>\n<meta name=\"twitter:card\" content=\"summary_large_image\" \/>\n<meta name=\"twitter:label1\" content=\"Tiempo de lectura\" \/>\n\t<meta name=\"twitter:data1\" content=\"1 minuto\" \/>\n<script type=\"application\/ld+json\" class=\"yoast-schema-graph\">{\"@context\":\"https:\/\/schema.org\",\"@graph\":[{\"@type\":\"WebPage\",\"@id\":\"https:\/\/sodre.gub.uy\/espectaculos\/un-rey-para-la-patagonia\/\",\"url\":\"https:\/\/sodre.gub.uy\/espectaculos\/un-rey-para-la-patagonia\/\",\"name\":\"Un rey para la Patagonia - Espect\u00e1culos\",\"isPartOf\":{\"@id\":\"https:\/\/sodre.gub.uy\/espectaculos\/#website\"},\"datePublished\":\"2026-03-11T12:59:05+00:00\",\"dateModified\":\"2026-03-11T13:11:25+00:00\",\"inLanguage\":\"es\",\"potentialAction\":[{\"@type\":\"ReadAction\",\"target\":[\"https:\/\/sodre.gub.uy\/espectaculos\/un-rey-para-la-patagonia\/\"]}]},{\"@type\":\"WebSite\",\"@id\":\"https:\/\/sodre.gub.uy\/espectaculos\/#website\",\"url\":\"https:\/\/sodre.gub.uy\/espectaculos\/\",\"name\":\"Espect\u00e1culos\",\"description\":\"Servicio Oficial de Difusi\u00f3n, Representaciones y Espect\u00e1culos\",\"publisher\":{\"@id\":\"https:\/\/sodre.gub.uy\/espectaculos\/#organization\"},\"potentialAction\":[{\"@type\":\"SearchAction\",\"target\":{\"@type\":\"EntryPoint\",\"urlTemplate\":\"https:\/\/sodre.gub.uy\/espectaculos\/?s={search_term_string}\"},\"query-input\":\"required name=search_term_string\"}],\"inLanguage\":\"es\"},{\"@type\":\"Organization\",\"@id\":\"https:\/\/sodre.gub.uy\/espectaculos\/#organization\",\"name\":\"Espect\u00e1culos\",\"url\":\"https:\/\/sodre.gub.uy\/espectaculos\/\",\"logo\":{\"@type\":\"ImageObject\",\"inLanguage\":\"es\",\"@id\":\"https:\/\/sodre.gub.uy\/espectaculos\/#\/schema\/logo\/image\/\",\"url\":\"https:\/\/sodre.gub.uy\/espectaculos\/wp-content\/uploads\/sites\/2\/2023\/12\/logo-sodre-black.svg\",\"contentUrl\":\"https:\/\/sodre.gub.uy\/espectaculos\/wp-content\/uploads\/sites\/2\/2023\/12\/logo-sodre-black.svg\",\"caption\":\"Espect\u00e1culos\"},\"image\":{\"@id\":\"https:\/\/sodre.gub.uy\/espectaculos\/#\/schema\/logo\/image\/\"}}]}<\/script>\n<!-- \/ Yoast SEO plugin. -->","yoast_head_json":{"title":"Un rey para la Patagonia - Espect\u00e1culos","robots":{"index":"index","follow":"follow","max-snippet":"max-snippet:-1","max-image-preview":"max-image-preview:large","max-video-preview":"max-video-preview:-1"},"canonical":"https:\/\/sodre.gub.uy\/espectaculos\/un-rey-para-la-patagonia\/","og_locale":"es_ES","og_type":"article","og_title":"Un rey para la Patagonia - Espect\u00e1culos","og_description":"En el marco de las celebraciones por el D\u00eda Internacional de la Francofon\u00eda","og_url":"https:\/\/sodre.gub.uy\/espectaculos\/un-rey-para-la-patagonia\/","og_site_name":"Espect\u00e1culos","article_modified_time":"2026-03-11T13:11:25+00:00","twitter_card":"summary_large_image","twitter_misc":{"Tiempo de lectura":"1 minuto"},"schema":{"@context":"https:\/\/schema.org","@graph":[{"@type":"WebPage","@id":"https:\/\/sodre.gub.uy\/espectaculos\/un-rey-para-la-patagonia\/","url":"https:\/\/sodre.gub.uy\/espectaculos\/un-rey-para-la-patagonia\/","name":"Un rey para la Patagonia - Espect\u00e1culos","isPartOf":{"@id":"https:\/\/sodre.gub.uy\/espectaculos\/#website"},"datePublished":"2026-03-11T12:59:05+00:00","dateModified":"2026-03-11T13:11:25+00:00","inLanguage":"es","potentialAction":[{"@type":"ReadAction","target":["https:\/\/sodre.gub.uy\/espectaculos\/un-rey-para-la-patagonia\/"]}]},{"@type":"WebSite","@id":"https:\/\/sodre.gub.uy\/espectaculos\/#website","url":"https:\/\/sodre.gub.uy\/espectaculos\/","name":"Espect\u00e1culos","description":"Servicio Oficial de Difusi\u00f3n, Representaciones y Espect\u00e1culos","publisher":{"@id":"https:\/\/sodre.gub.uy\/espectaculos\/#organization"},"potentialAction":[{"@type":"SearchAction","target":{"@type":"EntryPoint","urlTemplate":"https:\/\/sodre.gub.uy\/espectaculos\/?s={search_term_string}"},"query-input":"required name=search_term_string"}],"inLanguage":"es"},{"@type":"Organization","@id":"https:\/\/sodre.gub.uy\/espectaculos\/#organization","name":"Espect\u00e1culos","url":"https:\/\/sodre.gub.uy\/espectaculos\/","logo":{"@type":"ImageObject","inLanguage":"es","@id":"https:\/\/sodre.gub.uy\/espectaculos\/#\/schema\/logo\/image\/","url":"https:\/\/sodre.gub.uy\/espectaculos\/wp-content\/uploads\/sites\/2\/2023\/12\/logo-sodre-black.svg","contentUrl":"https:\/\/sodre.gub.uy\/espectaculos\/wp-content\/uploads\/sites\/2\/2023\/12\/logo-sodre-black.svg","caption":"Espect\u00e1culos"},"image":{"@id":"https:\/\/sodre.gub.uy\/espectaculos\/#\/schema\/logo\/image\/"}}]}},"_links":{"self":[{"href":"https:\/\/sodre.gub.uy\/espectaculos\/wp-json\/wp\/v2\/espectaculo\/11407"}],"collection":[{"href":"https:\/\/sodre.gub.uy\/espectaculos\/wp-json\/wp\/v2\/espectaculo"}],"about":[{"href":"https:\/\/sodre.gub.uy\/espectaculos\/wp-json\/wp\/v2\/types\/espectaculo"}],"version-history":[{"count":9,"href":"https:\/\/sodre.gub.uy\/espectaculos\/wp-json\/wp\/v2\/espectaculo\/11407\/revisions"}],"predecessor-version":[{"id":11419,"href":"https:\/\/sodre.gub.uy\/espectaculos\/wp-json\/wp\/v2\/espectaculo\/11407\/revisions\/11419"}],"wp:attachment":[{"href":"https:\/\/sodre.gub.uy\/espectaculos\/wp-json\/wp\/v2\/media?parent=11407"}],"wp:term":[{"taxonomy":"cuerpo-estable","embeddable":true,"href":"https:\/\/sodre.gub.uy\/espectaculos\/wp-json\/wp\/v2\/cuerpo-estable?post=11407"},{"taxonomy":"etiqueta-espectaculo","embeddable":true,"href":"https:\/\/sodre.gub.uy\/espectaculos\/wp-json\/wp\/v2\/etiqueta-espectaculo?post=11407"},{"taxonomy":"lugar","embeddable":true,"href":"https:\/\/sodre.gub.uy\/espectaculos\/wp-json\/wp\/v2\/lugar?post=11407"},{"taxonomy":"sala-espacio","embeddable":true,"href":"https:\/\/sodre.gub.uy\/espectaculos\/wp-json\/wp\/v2\/sala-espacio?post=11407"}],"curies":[{"name":"wp","href":"https:\/\/api.w.org\/{rel}","templated":true}]}}

<div class="wpb-content-wrapper"><p>[vc_section el_class=»content&#8211;espectaculo»][vc_row el_class=»cyg&#8211;descripcion»][vc_column][vc_column_text]La película cuenta la historia del francés Orélie Antoine, proclamado Rey de la Patagonia, y de quien quiso llevar al cine esta historia en los años ´70, Juan Fresán, tarea que quedó trunca. Turturro decidió retomar la huella de aquella película inconclusa (experiencia que le inspiró a Carlos Sorín a hacer “La películadel Rey”), exhumando materiales inéditos, volviendo a sus escenarios originales y acopiando testimonios, para iluminar las dos historias –una dentro de la otra– que componen este relato real, más extraño y fascinante que cualquier ficción.</p>
<p>Por si esto fuera poco, el guion del joven Turturro y de Christian Ferrer (sociólogo anarquista) incluye un reportaje inédito que un joven Tomás Eloy Martínez le hizo en Francia al actual descendiente del monarca, junto al relato en off de Miguel Dedovich.</p>
<p>&nbsp;</p>
<h4>Entrada gratuita.</h4>
<p>[/vc_column_text][vc_empty_space height=»60px» el_class=»cyg&#8211;espacio-30&#8243;][/vc_column][/vc_row][vc_row el_class=»cyg&#8211;ficha»][vc_column width=»1/2&#8243;][vc_row_inner][vc_column_inner][vc_empty_space height=»60&#8243; el_class=»cyg&#8211;espacio-10&#8243;][vc_column_text]<strong>Dirección:</strong> Lucas Turturro[/vc_column_text][/vc_column_inner][/vc_row_inner][vc_row_inner][vc_column_inner][vc_empty_space height=»10&#8243; el_class=»cyg&#8211;espacio-10&#8243;][/vc_column_inner][/vc_row_inner][/vc_column][vc_column width=»1/2&#8243;][vc_row_inner][vc_column_inner][vc_empty_space height=»10&#8243; el_class=»cyg&#8211;espacio-10&#8243;][/vc_column_inner][/vc_row_inner][vc_row_inner][vc_column_inner][vc_empty_space height=»10&#8243; el_class=»cyg&#8211;espacio-10&#8243;][/vc_column_inner][/vc_row_inner][/vc_column][/vc_row][vc_row][vc_column][vc_empty_space height=»60px»][vc_column_text]Argentina – 2011</p>
<p><strong>Duración:</strong> 83 min.[/vc_column_text][vc_empty_space height=»60px»]
<a 
role="link"
aria-label="Francofonía en Uruguay – Programación 2026"
class="cyg--btn " 
href="https://www.gub.uy/ministerio-educacion-cultura/sites/ministerio-educacion-cultura/files/documentos/noticias/Francofon%C3%ADa%202026%20-%20Grilla%20actividades%20-26%20feb.pdf"
target=""
>
Francofonía en Uruguay – Programación 2026</a>
[/vc_column][/vc_row][/vc_section]</p>
</div>

<p>En el marco de las celebraciones por el Día Internacional de la Francofonía</p>

<!-- This site is optimized with the Yoast SEO plugin v21.7 - https://yoast.com/wordpress/plugins/seo/ -->
<title>Un rey para la Patagonia - Espectáculos</title>
<meta name="robots" content="index, follow, max-snippet:-1, max-image-preview:large, max-video-preview:-1" />
<link rel="canonical" href="https://sodre.gub.uy/espectaculos/un-rey-para-la-patagonia/" />
<meta property="og:locale" content="es_ES" />
<meta property="og:type" content="article" />
<meta property="og:title" content="Un rey para la Patagonia - Espectáculos" />
<meta property="og:description" content="En el marco de las celebraciones por el Día Internacional de la Francofonía" />
<meta property="og:url" content="https://sodre.gub.uy/espectaculos/un-rey-para-la-patagonia/" />
<meta property="og:site_name" content="Espectáculos" />
<meta property="article:modified_time" content="2026-03-11T13:11:25+00:00" />
<meta name="twitter:card" content="summary_large_image" />
<meta name="twitter:label1" content="Tiempo de lectura" />
	<meta name="twitter:data1" content="1 minuto" />
<script type="application/ld+json" class="yoast-schema-graph">{"@context":"https://schema.org","@graph":[{"@type":"WebPage","@id":"https://sodre.gub.uy/espectaculos/un-rey-para-la-patagonia/","url":"https://sodre.gub.uy/espectaculos/un-rey-para-la-patagonia/","name":"Un rey para la Patagonia - Espectáculos","isPartOf":{"@id":"https://sodre.gub.uy/espectaculos/#website"},"datePublished":"2026-03-11T12:59:05+00:00","dateModified":"2026-03-11T13:11:25+00:00","inLanguage":"es","potentialAction":[{"@type":"ReadAction","target":["https://sodre.gub.uy/espectaculos/un-rey-para-la-patagonia/"]}]},{"@type":"WebSite","@id":"https://sodre.gub.uy/espectaculos/#website","url":"https://sodre.gub.uy/espectaculos/","name":"Espectáculos","description":"Servicio Oficial de Difusión, Representaciones y Espectáculos","publisher":{"@id":"https://sodre.gub.uy/espectaculos/#organization"},"potentialAction":[{"@type":"SearchAction","target":{"@type":"EntryPoint","urlTemplate":"https://sodre.gub.uy/espectaculos/?s={search_term_string}"},"query-input":"required name=search_term_string"}],"inLanguage":"es"},{"@type":"Organization","@id":"https://sodre.gub.uy/espectaculos/#organization","name":"Espectáculos","url":"https://sodre.gub.uy/espectaculos/","logo":{"@type":"ImageObject","inLanguage":"es","@id":"https://sodre.gub.uy/espectaculos/#/schema/logo/image/","url":"https://sodre.gub.uy/espectaculos/wp-content/uploads/sites/2/2023/12/logo-sodre-black.svg","contentUrl":"https://sodre.gub.uy/espectaculos/wp-content/uploads/sites/2/2023/12/logo-sodre-black.svg","caption":"Espectáculos"},"image":{"@id":"https://sodre.gub.uy/espectaculos/#/schema/logo/image/"}}]}</script>
<!-- / Yoast SEO plugin. -->

Un rey para la Patagonia - Espectáculos

En el marco de las celebraciones por el Día Internacional de la Francofonía

Espectáculos

Servicio Oficial de Difusión, Representaciones y Espectáculos
