{"id":10693,"date":"2026-01-07T12:19:30","date_gmt":"2026-01-07T15:19:30","guid":{"rendered":"https:\/\/sodre.gub.uy\/espectaculos\/?post_type=espectaculo&#038;p=10693"},"modified":"2026-01-08T12:20:48","modified_gmt":"2026-01-08T15:20:48","slug":"la-moneta-gala-flamenca","status":"publish","type":"espectaculo","link":"https:\/\/sodre.gub.uy\/espectaculos\/la-moneta-gala-flamenca\/","title":{"rendered":"La Moneta. Gala flamenca"},"content":{"rendered":"<div class=\"wpb-content-wrapper\"><p>[vc_section el_class=\u00bbcontent&#8211;espectaculo\u00bb][vc_row el_class=\u00bbcyg&#8211;descripcion\u00bb][vc_column][vc_column_text]La bailaora y core\u00f3grafa (Granada 1984), es una artista de vocaci\u00f3n temprana.<\/p>\n<p>Siendo a\u00fan una ni\u00f1a se la disputaban las m\u00e1s afamadas zambras del Sacromonte y tablaos granadinos donde actuaba con los grandes maestros Javier Latorre, Mario Maya, Carmen Cortes, Juan Andr\u00e9s Maya, Matilde Coral o Israel Galv\u00e1n. Cuando bail\u00f3 por primera vez en Madrid, con 16 a\u00f1os, la revista de Flamenco Alma 100, la sac\u00f3 en portada, denomin\u00e1ndola como la bailaora m\u00e1s destacada nacida en los ochenta. Desde entonces Fuensanta \u2018La Moneta\u2019 ha bailado en las m\u00e1s prestigiosas pe\u00f1as flamencas, en incontables festivales flamencos y en teatros de todo el mundo. En 2003 gan\u00f3 el Premio El Desplante del Concurso Nacional de Baile del Festival de Cante de las Minas de La Uni\u00f3n. En 2010 la Asociaci\u00f3n de Periodistas Especializados en Flamenco de Espa\u00f1a le otorga el \u2018Premio Flamenco Hoy, a la Mejor Bailaora de 2009\u2019. Su estilo, que combina la tradici\u00f3n flamenca con una visi\u00f3n innovadora, la ha convertido en una de las bailaoras m\u00e1s respetadas y admiradas de su generaci\u00f3n. Fuensanta \u2018La Moneta\u2019 aporta un profundo dramatismo expresivo, un dominio del comp\u00e1s, una enorme variedad de registros, un amplio conocimiento del cante y un talento que le permite hacer su baile con la facilidad de la que respira.<\/p>\n<p>En <em>Gala Flamenca<\/em> disfrutaremos de el mejor flamenco en vivo de la mano de grandes exponentes del g\u00e9nero de nuestro pa\u00eds y la regi\u00f3n.[\/vc_column_text][vc_empty_space height=\u00bb30px\u00bb el_class=\u00bbcyg&#8211;espacio-30&#8243;][\/vc_column][\/vc_row][vc_row el_class=\u00bbcyg&#8211;ficha\u00bb][vc_column width=\u00bb1\/2&#8243;][vc_row_inner][vc_column_inner][vc_column_text]<strong>Guitarra flamenca:<\/strong> Maikel Pereyra<\/p>\n<p><strong>Cante Flamenco:<\/strong> Nicol\u00e1s Narv\u00e1ez y \u00c1lvaro Gonz\u00e1lez<\/p>\n<p><strong>Percusi\u00f3n:<\/strong> Joaqu\u00edn B\u00e9rtola<\/p>\n<p><strong>Baile:<\/strong> Luc\u00eda G\u00f3mez, Noel Rebufello, Alex Novo, Camila Gonz\u00e1lez, P\u00eda Arriola, Guadalupe Pereira, Agustina Iglesias, Dayana Gonz\u00e1lez[\/vc_column_text][vc_empty_space height=\u00bb10&#8243; el_class=\u00bbcyg&#8211;espacio-10&#8243;][\/vc_column_inner][\/vc_row_inner][vc_row_inner][vc_column_inner][vc_empty_space height=\u00bb10&#8243; el_class=\u00bbcyg&#8211;espacio-10&#8243;][\/vc_column_inner][\/vc_row_inner][\/vc_column][vc_column width=\u00bb1\/2&#8243;][vc_row_inner][vc_column_inner][vc_empty_space height=\u00bb10&#8243; el_class=\u00bbcyg&#8211;espacio-10&#8243;][\/vc_column_inner][\/vc_row_inner][vc_row_inner][vc_column_inner][vc_empty_space height=\u00bb10&#8243; el_class=\u00bbcyg&#8211;espacio-10&#8243;][\/vc_column_inner][\/vc_row_inner][\/vc_column][\/vc_row][vc_row][vc_column][vc_empty_space height=\u00bb10px\u00bb][vc_column_text]<strong>Acceso gratuito a menores de 3 a\u00f1os.<\/strong><\/p>\n<p><strong>Duraci\u00f3:<\/strong> 90 min.[\/vc_column_text][\/vc_column][\/vc_row][\/vc_section]<\/p>\n<\/div>","protected":false},"excerpt":{"rendered":"<p>Por primera vez llega a Uruguay la gran bailaora Fuensanta La Moneta Fuensanta \u2018La Moneta\u2019<\/p>\n","protected":false},"menu_order":0,"template":"","format":"standard","cuerpo-estable":[29],"etiqueta-espectaculo":[55],"lugar":[18],"sala-espacio":[],"acf":[],"yoast_head":"<!-- This site is optimized with the Yoast SEO plugin v21.7 - https:\/\/yoast.com\/wordpress\/plugins\/seo\/ -->\n<title>La Moneta. Gala flamenca - Espect\u00e1culos<\/title>\n<meta name=\"robots\" content=\"index, follow, max-snippet:-1, max-image-preview:large, max-video-preview:-1\" \/>\n<link rel=\"canonical\" href=\"https:\/\/sodre.gub.uy\/espectaculos\/la-moneta-gala-flamenca\/\" \/>\n<meta property=\"og:locale\" content=\"es_ES\" \/>\n<meta property=\"og:type\" content=\"article\" \/>\n<meta property=\"og:title\" content=\"La Moneta. Gala flamenca - Espect\u00e1culos\" \/>\n<meta property=\"og:description\" content=\"Por primera vez llega a Uruguay la gran bailaora Fuensanta La Moneta Fuensanta \u2018La Moneta\u2019\" \/>\n<meta property=\"og:url\" content=\"https:\/\/sodre.gub.uy\/espectaculos\/la-moneta-gala-flamenca\/\" \/>\n<meta property=\"og:site_name\" content=\"Espect\u00e1culos\" \/>\n<meta property=\"article:modified_time\" content=\"2026-01-08T15:20:48+00:00\" \/>\n<meta name=\"twitter:card\" content=\"summary_large_image\" \/>\n<meta name=\"twitter:label1\" content=\"Tiempo de lectura\" \/>\n\t<meta name=\"twitter:data1\" content=\"2 minutos\" \/>\n<script type=\"application\/ld+json\" class=\"yoast-schema-graph\">{\"@context\":\"https:\/\/schema.org\",\"@graph\":[{\"@type\":\"WebPage\",\"@id\":\"https:\/\/sodre.gub.uy\/espectaculos\/la-moneta-gala-flamenca\/\",\"url\":\"https:\/\/sodre.gub.uy\/espectaculos\/la-moneta-gala-flamenca\/\",\"name\":\"La Moneta. Gala flamenca - Espect\u00e1culos\",\"isPartOf\":{\"@id\":\"https:\/\/sodre.gub.uy\/espectaculos\/#website\"},\"datePublished\":\"2026-01-07T15:19:30+00:00\",\"dateModified\":\"2026-01-08T15:20:48+00:00\",\"inLanguage\":\"es\",\"potentialAction\":[{\"@type\":\"ReadAction\",\"target\":[\"https:\/\/sodre.gub.uy\/espectaculos\/la-moneta-gala-flamenca\/\"]}]},{\"@type\":\"WebSite\",\"@id\":\"https:\/\/sodre.gub.uy\/espectaculos\/#website\",\"url\":\"https:\/\/sodre.gub.uy\/espectaculos\/\",\"name\":\"Espect\u00e1culos\",\"description\":\"Servicio Oficial de Difusi\u00f3n, Representaciones y Espect\u00e1culos\",\"publisher\":{\"@id\":\"https:\/\/sodre.gub.uy\/espectaculos\/#organization\"},\"potentialAction\":[{\"@type\":\"SearchAction\",\"target\":{\"@type\":\"EntryPoint\",\"urlTemplate\":\"https:\/\/sodre.gub.uy\/espectaculos\/?s={search_term_string}\"},\"query-input\":\"required name=search_term_string\"}],\"inLanguage\":\"es\"},{\"@type\":\"Organization\",\"@id\":\"https:\/\/sodre.gub.uy\/espectaculos\/#organization\",\"name\":\"Espect\u00e1culos\",\"url\":\"https:\/\/sodre.gub.uy\/espectaculos\/\",\"logo\":{\"@type\":\"ImageObject\",\"inLanguage\":\"es\",\"@id\":\"https:\/\/sodre.gub.uy\/espectaculos\/#\/schema\/logo\/image\/\",\"url\":\"https:\/\/sodre.gub.uy\/espectaculos\/wp-content\/uploads\/sites\/2\/2023\/12\/logo-sodre-black.svg\",\"contentUrl\":\"https:\/\/sodre.gub.uy\/espectaculos\/wp-content\/uploads\/sites\/2\/2023\/12\/logo-sodre-black.svg\",\"caption\":\"Espect\u00e1culos\"},\"image\":{\"@id\":\"https:\/\/sodre.gub.uy\/espectaculos\/#\/schema\/logo\/image\/\"}}]}<\/script>\n<!-- \/ Yoast SEO plugin. -->","yoast_head_json":{"title":"La Moneta. Gala flamenca - Espect\u00e1culos","robots":{"index":"index","follow":"follow","max-snippet":"max-snippet:-1","max-image-preview":"max-image-preview:large","max-video-preview":"max-video-preview:-1"},"canonical":"https:\/\/sodre.gub.uy\/espectaculos\/la-moneta-gala-flamenca\/","og_locale":"es_ES","og_type":"article","og_title":"La Moneta. Gala flamenca - Espect\u00e1culos","og_description":"Por primera vez llega a Uruguay la gran bailaora Fuensanta La Moneta Fuensanta \u2018La Moneta\u2019","og_url":"https:\/\/sodre.gub.uy\/espectaculos\/la-moneta-gala-flamenca\/","og_site_name":"Espect\u00e1culos","article_modified_time":"2026-01-08T15:20:48+00:00","twitter_card":"summary_large_image","twitter_misc":{"Tiempo de lectura":"2 minutos"},"schema":{"@context":"https:\/\/schema.org","@graph":[{"@type":"WebPage","@id":"https:\/\/sodre.gub.uy\/espectaculos\/la-moneta-gala-flamenca\/","url":"https:\/\/sodre.gub.uy\/espectaculos\/la-moneta-gala-flamenca\/","name":"La Moneta. Gala flamenca - Espect\u00e1culos","isPartOf":{"@id":"https:\/\/sodre.gub.uy\/espectaculos\/#website"},"datePublished":"2026-01-07T15:19:30+00:00","dateModified":"2026-01-08T15:20:48+00:00","inLanguage":"es","potentialAction":[{"@type":"ReadAction","target":["https:\/\/sodre.gub.uy\/espectaculos\/la-moneta-gala-flamenca\/"]}]},{"@type":"WebSite","@id":"https:\/\/sodre.gub.uy\/espectaculos\/#website","url":"https:\/\/sodre.gub.uy\/espectaculos\/","name":"Espect\u00e1culos","description":"Servicio Oficial de Difusi\u00f3n, Representaciones y Espect\u00e1culos","publisher":{"@id":"https:\/\/sodre.gub.uy\/espectaculos\/#organization"},"potentialAction":[{"@type":"SearchAction","target":{"@type":"EntryPoint","urlTemplate":"https:\/\/sodre.gub.uy\/espectaculos\/?s={search_term_string}"},"query-input":"required name=search_term_string"}],"inLanguage":"es"},{"@type":"Organization","@id":"https:\/\/sodre.gub.uy\/espectaculos\/#organization","name":"Espect\u00e1culos","url":"https:\/\/sodre.gub.uy\/espectaculos\/","logo":{"@type":"ImageObject","inLanguage":"es","@id":"https:\/\/sodre.gub.uy\/espectaculos\/#\/schema\/logo\/image\/","url":"https:\/\/sodre.gub.uy\/espectaculos\/wp-content\/uploads\/sites\/2\/2023\/12\/logo-sodre-black.svg","contentUrl":"https:\/\/sodre.gub.uy\/espectaculos\/wp-content\/uploads\/sites\/2\/2023\/12\/logo-sodre-black.svg","caption":"Espect\u00e1culos"},"image":{"@id":"https:\/\/sodre.gub.uy\/espectaculos\/#\/schema\/logo\/image\/"}}]}},"_links":{"self":[{"href":"https:\/\/sodre.gub.uy\/espectaculos\/wp-json\/wp\/v2\/espectaculo\/10693"}],"collection":[{"href":"https:\/\/sodre.gub.uy\/espectaculos\/wp-json\/wp\/v2\/espectaculo"}],"about":[{"href":"https:\/\/sodre.gub.uy\/espectaculos\/wp-json\/wp\/v2\/types\/espectaculo"}],"version-history":[{"count":3,"href":"https:\/\/sodre.gub.uy\/espectaculos\/wp-json\/wp\/v2\/espectaculo\/10693\/revisions"}],"predecessor-version":[{"id":10715,"href":"https:\/\/sodre.gub.uy\/espectaculos\/wp-json\/wp\/v2\/espectaculo\/10693\/revisions\/10715"}],"wp:attachment":[{"href":"https:\/\/sodre.gub.uy\/espectaculos\/wp-json\/wp\/v2\/media?parent=10693"}],"wp:term":[{"taxonomy":"cuerpo-estable","embeddable":true,"href":"https:\/\/sodre.gub.uy\/espectaculos\/wp-json\/wp\/v2\/cuerpo-estable?post=10693"},{"taxonomy":"etiqueta-espectaculo","embeddable":true,"href":"https:\/\/sodre.gub.uy\/espectaculos\/wp-json\/wp\/v2\/etiqueta-espectaculo?post=10693"},{"taxonomy":"lugar","embeddable":true,"href":"https:\/\/sodre.gub.uy\/espectaculos\/wp-json\/wp\/v2\/lugar?post=10693"},{"taxonomy":"sala-espacio","embeddable":true,"href":"https:\/\/sodre.gub.uy\/espectaculos\/wp-json\/wp\/v2\/sala-espacio?post=10693"}],"curies":[{"name":"wp","href":"https:\/\/api.w.org\/{rel}","templated":true}]}}

<div class="wpb-content-wrapper"><p>[vc_section el_class=»content&#8211;espectaculo»][vc_row el_class=»cyg&#8211;descripcion»][vc_column][vc_column_text]La bailaora y coreógrafa (Granada 1984), es una artista de vocación temprana.</p>
<p>Siendo aún una niña se la disputaban las más afamadas zambras del Sacromonte y tablaos granadinos donde actuaba con los grandes maestros Javier Latorre, Mario Maya, Carmen Cortes, Juan Andrés Maya, Matilde Coral o Israel Galván. Cuando bailó por primera vez en Madrid, con 16 años, la revista de Flamenco Alma 100, la sacó en portada, denominándola como la bailaora más destacada nacida en los ochenta. Desde entonces Fuensanta ‘La Moneta’ ha bailado en las más prestigiosas peñas flamencas, en incontables festivales flamencos y en teatros de todo el mundo. En 2003 ganó el Premio El Desplante del Concurso Nacional de Baile del Festival de Cante de las Minas de La Unión. En 2010 la Asociación de Periodistas Especializados en Flamenco de España le otorga el ‘Premio Flamenco Hoy, a la Mejor Bailaora de 2009’. Su estilo, que combina la tradición flamenca con una visión innovadora, la ha convertido en una de las bailaoras más respetadas y admiradas de su generación. Fuensanta ‘La Moneta’ aporta un profundo dramatismo expresivo, un dominio del compás, una enorme variedad de registros, un amplio conocimiento del cante y un talento que le permite hacer su baile con la facilidad de la que respira.</p>
<p>En <em>Gala Flamenca</em> disfrutaremos de el mejor flamenco en vivo de la mano de grandes exponentes del género de nuestro país y la región.[/vc_column_text][vc_empty_space height=»30px» el_class=»cyg&#8211;espacio-30&#8243;][/vc_column][/vc_row][vc_row el_class=»cyg&#8211;ficha»][vc_column width=»1/2&#8243;][vc_row_inner][vc_column_inner][vc_column_text]<strong>Guitarra flamenca:</strong> Maikel Pereyra</p>
<p><strong>Cante Flamenco:</strong> Nicolás Narváez y Álvaro González</p>
<p><strong>Percusión:</strong> Joaquín Bértola</p>
<p><strong>Baile:</strong> Lucía Gómez, Noel Rebufello, Alex Novo, Camila González, Pía Arriola, Guadalupe Pereira, Agustina Iglesias, Dayana González[/vc_column_text][vc_empty_space height=»10&#8243; el_class=»cyg&#8211;espacio-10&#8243;][/vc_column_inner][/vc_row_inner][vc_row_inner][vc_column_inner][vc_empty_space height=»10&#8243; el_class=»cyg&#8211;espacio-10&#8243;][/vc_column_inner][/vc_row_inner][/vc_column][vc_column width=»1/2&#8243;][vc_row_inner][vc_column_inner][vc_empty_space height=»10&#8243; el_class=»cyg&#8211;espacio-10&#8243;][/vc_column_inner][/vc_row_inner][vc_row_inner][vc_column_inner][vc_empty_space height=»10&#8243; el_class=»cyg&#8211;espacio-10&#8243;][/vc_column_inner][/vc_row_inner][/vc_column][/vc_row][vc_row][vc_column][vc_empty_space height=»10px»][vc_column_text]<strong>Acceso gratuito a menores de 3 años.</strong></p>
<p><strong>Duració:</strong> 90 min.[/vc_column_text][/vc_column][/vc_row][/vc_section]</p>
</div>

<!-- This site is optimized with the Yoast SEO plugin v21.7 - https://yoast.com/wordpress/plugins/seo/ -->
<title>La Moneta. Gala flamenca - Espectáculos</title>
<meta name="robots" content="index, follow, max-snippet:-1, max-image-preview:large, max-video-preview:-1" />
<link rel="canonical" href="https://sodre.gub.uy/espectaculos/la-moneta-gala-flamenca/" />
<meta property="og:locale" content="es_ES" />
<meta property="og:type" content="article" />
<meta property="og:title" content="La Moneta. Gala flamenca - Espectáculos" />
<meta property="og:description" content="Por primera vez llega a Uruguay la gran bailaora Fuensanta La Moneta Fuensanta ‘La Moneta’" />
<meta property="og:url" content="https://sodre.gub.uy/espectaculos/la-moneta-gala-flamenca/" />
<meta property="og:site_name" content="Espectáculos" />
<meta property="article:modified_time" content="2026-01-08T15:20:48+00:00" />
<meta name="twitter:card" content="summary_large_image" />
<meta name="twitter:label1" content="Tiempo de lectura" />
	<meta name="twitter:data1" content="2 minutos" />
<script type="application/ld+json" class="yoast-schema-graph">{"@context":"https://schema.org","@graph":[{"@type":"WebPage","@id":"https://sodre.gub.uy/espectaculos/la-moneta-gala-flamenca/","url":"https://sodre.gub.uy/espectaculos/la-moneta-gala-flamenca/","name":"La Moneta. Gala flamenca - Espectáculos","isPartOf":{"@id":"https://sodre.gub.uy/espectaculos/#website"},"datePublished":"2026-01-07T15:19:30+00:00","dateModified":"2026-01-08T15:20:48+00:00","inLanguage":"es","potentialAction":[{"@type":"ReadAction","target":["https://sodre.gub.uy/espectaculos/la-moneta-gala-flamenca/"]}]},{"@type":"WebSite","@id":"https://sodre.gub.uy/espectaculos/#website","url":"https://sodre.gub.uy/espectaculos/","name":"Espectáculos","description":"Servicio Oficial de Difusión, Representaciones y Espectáculos","publisher":{"@id":"https://sodre.gub.uy/espectaculos/#organization"},"potentialAction":[{"@type":"SearchAction","target":{"@type":"EntryPoint","urlTemplate":"https://sodre.gub.uy/espectaculos/?s={search_term_string}"},"query-input":"required name=search_term_string"}],"inLanguage":"es"},{"@type":"Organization","@id":"https://sodre.gub.uy/espectaculos/#organization","name":"Espectáculos","url":"https://sodre.gub.uy/espectaculos/","logo":{"@type":"ImageObject","inLanguage":"es","@id":"https://sodre.gub.uy/espectaculos/#/schema/logo/image/","url":"https://sodre.gub.uy/espectaculos/wp-content/uploads/sites/2/2023/12/logo-sodre-black.svg","contentUrl":"https://sodre.gub.uy/espectaculos/wp-content/uploads/sites/2/2023/12/logo-sodre-black.svg","caption":"Espectáculos"},"image":{"@id":"https://sodre.gub.uy/espectaculos/#/schema/logo/image/"}}]}</script>
<!-- / Yoast SEO plugin. -->

La Moneta. Gala flamenca - Espectáculos

Espectáculos

Servicio Oficial de Difusión, Representaciones y Espectáculos
