{"id":10591,"date":"2025-12-09T11:37:45","date_gmt":"2025-12-09T14:37:45","guid":{"rendered":"https:\/\/sodre.gub.uy\/espectaculos\/?post_type=espectaculo&#038;p=10591"},"modified":"2026-01-30T14:44:25","modified_gmt":"2026-01-30T17:44:25","slug":"star-wars-el-retorno-del-jedi-en-concierto","status":"publish","type":"espectaculo","link":"https:\/\/sodre.gub.uy\/espectaculos\/star-wars-el-retorno-del-jedi-en-concierto\/","title":{"rendered":"Star Wars: El retorno del Jedi \u2013 En concierto"},"content":{"rendered":"<div class=\"wpb-content-wrapper\"><p>[vc_section el_class=\u00bbcontent&#8211;espectaculo\u00bb][vc_row el_class=\u00bbcyg&#8211;descripcion\u00bb][vc_column][vc_column_text]Se trata de una producci\u00f3n de Disney que permitir\u00e1 a los espectadores disfrutar de la proyecci\u00f3n de la pel\u00edcula en pantalla gigante mientras la Orquesta Sinf\u00f3nica Nacional del Sodre, bajo la direcci\u00f3n del director Ezequiel Silberstein, dar\u00e1 vida a la banda sonora del compositor ganador del Oscar\u00ae John Williams.<\/p>\n<p>Las entradas se encuentran a la venta a trav\u00e9s de <span style=\"color: #0000ff\"><a style=\"color: #0000ff\" href=\"https:\/\/tickantel.com.uy\/inicio\/espectaculo\/40019948\/espectaculo\/Star%20Wars%20-%20El%20retorno%20del%20Jedi%20-%20En%20concierto?7\">Tickantel.com.uy<\/a><\/span>[\/vc_column_text][vc_empty_space height=\u00bb30px\u00bb el_class=\u00bbcyg&#8211;espacio-30&#8243;][\/vc_column][\/vc_row][vc_row el_class=\u00bbcyg&#8211;ficha\u00bb][vc_column width=\u00bb1\/2&#8243;][vc_row_inner][vc_column_inner][vc_column_text]<strong>Direcci\u00f3n de la Orquesta Sinf\u00f3nica Nacional:<\/strong> Ezequiel Silberstein[\/vc_column_text][vc_empty_space height=\u00bb10&#8243; el_class=\u00bbcyg&#8211;espacio-10&#8243;][\/vc_column_inner][\/vc_row_inner][vc_row_inner][vc_column_inner][vc_empty_space height=\u00bb10&#8243; el_class=\u00bbcyg&#8211;espacio-10&#8243;][\/vc_column_inner][\/vc_row_inner][\/vc_column][vc_column width=\u00bb1\/2&#8243;][vc_row_inner][vc_column_inner][vc_empty_space height=\u00bb10&#8243; el_class=\u00bbcyg&#8211;espacio-10&#8243;][\/vc_column_inner][\/vc_row_inner][vc_row_inner][vc_column_inner][vc_empty_space height=\u00bb10&#8243; el_class=\u00bbcyg&#8211;espacio-10&#8243;][\/vc_column_inner][\/vc_row_inner][\/vc_column][\/vc_row][vc_row][vc_column][vc_empty_space height=\u00bb10px\u00bb][vc_column_text]<strong>Duraci\u00f3n:<\/strong> 2 h 14 min.[\/vc_column_text][vc_column_text]Las funciones del 16, 17 y 18 de abril ser\u00e1n subtituladas y la del 19 ser\u00e1 doblada al castellano.[\/vc_column_text][vc_column_text]<strong>Edad m\u00e1xima (inclusive) con acceso gratuito permitido:<\/strong> 3 a\u00f1os[\/vc_column_text][\/vc_column][\/vc_row][\/vc_section]<\/p>\n<\/div>","protected":false},"excerpt":{"rendered":"<p>Esta reconocida banda sonora compuesta por el ganador del Oscar\u00ae John Williams, ser\u00e1 interpretada en vivo por la Orquesta Sinf\u00f3nica Nacional del Sodre mientras se proyecta la pel\u00edcula<\/p>\n","protected":false},"menu_order":0,"template":"","format":"standard","cuerpo-estable":[40],"etiqueta-espectaculo":[],"lugar":[16],"sala-espacio":[30],"acf":[],"yoast_head":"<!-- This site is optimized with the Yoast SEO plugin v21.7 - https:\/\/yoast.com\/wordpress\/plugins\/seo\/ -->\n<title>Star Wars: El retorno del Jedi \u2013 En concierto - Espect\u00e1culos<\/title>\n<meta name=\"robots\" content=\"index, follow, max-snippet:-1, max-image-preview:large, max-video-preview:-1\" \/>\n<link rel=\"canonical\" href=\"https:\/\/sodre.gub.uy\/espectaculos\/star-wars-el-retorno-del-jedi-en-concierto\/\" \/>\n<meta property=\"og:locale\" content=\"es_ES\" \/>\n<meta property=\"og:type\" content=\"article\" \/>\n<meta property=\"og:title\" content=\"Star Wars: El retorno del Jedi \u2013 En concierto - Espect\u00e1culos\" \/>\n<meta property=\"og:description\" content=\"Esta reconocida banda sonora compuesta por el ganador del Oscar\u00ae John Williams, ser\u00e1 interpretada en vivo por la Orquesta Sinf\u00f3nica Nacional del Sodre mientras se proyecta la pel\u00edcula\" \/>\n<meta property=\"og:url\" content=\"https:\/\/sodre.gub.uy\/espectaculos\/star-wars-el-retorno-del-jedi-en-concierto\/\" \/>\n<meta property=\"og:site_name\" content=\"Espect\u00e1culos\" \/>\n<meta property=\"article:modified_time\" content=\"2026-01-30T17:44:25+00:00\" \/>\n<meta name=\"twitter:card\" content=\"summary_large_image\" \/>\n<meta name=\"twitter:label1\" content=\"Tiempo de lectura\" \/>\n\t<meta name=\"twitter:data1\" content=\"1 minuto\" \/>\n<script type=\"application\/ld+json\" class=\"yoast-schema-graph\">{\"@context\":\"https:\/\/schema.org\",\"@graph\":[{\"@type\":\"WebPage\",\"@id\":\"https:\/\/sodre.gub.uy\/espectaculos\/star-wars-el-retorno-del-jedi-en-concierto\/\",\"url\":\"https:\/\/sodre.gub.uy\/espectaculos\/star-wars-el-retorno-del-jedi-en-concierto\/\",\"name\":\"Star Wars: El retorno del Jedi \u2013 En concierto - Espect\u00e1culos\",\"isPartOf\":{\"@id\":\"https:\/\/sodre.gub.uy\/espectaculos\/#website\"},\"datePublished\":\"2025-12-09T14:37:45+00:00\",\"dateModified\":\"2026-01-30T17:44:25+00:00\",\"inLanguage\":\"es\",\"potentialAction\":[{\"@type\":\"ReadAction\",\"target\":[\"https:\/\/sodre.gub.uy\/espectaculos\/star-wars-el-retorno-del-jedi-en-concierto\/\"]}]},{\"@type\":\"WebSite\",\"@id\":\"https:\/\/sodre.gub.uy\/espectaculos\/#website\",\"url\":\"https:\/\/sodre.gub.uy\/espectaculos\/\",\"name\":\"Espect\u00e1culos\",\"description\":\"Servicio Oficial de Difusi\u00f3n, Representaciones y Espect\u00e1culos\",\"publisher\":{\"@id\":\"https:\/\/sodre.gub.uy\/espectaculos\/#organization\"},\"potentialAction\":[{\"@type\":\"SearchAction\",\"target\":{\"@type\":\"EntryPoint\",\"urlTemplate\":\"https:\/\/sodre.gub.uy\/espectaculos\/?s={search_term_string}\"},\"query-input\":\"required name=search_term_string\"}],\"inLanguage\":\"es\"},{\"@type\":\"Organization\",\"@id\":\"https:\/\/sodre.gub.uy\/espectaculos\/#organization\",\"name\":\"Espect\u00e1culos\",\"url\":\"https:\/\/sodre.gub.uy\/espectaculos\/\",\"logo\":{\"@type\":\"ImageObject\",\"inLanguage\":\"es\",\"@id\":\"https:\/\/sodre.gub.uy\/espectaculos\/#\/schema\/logo\/image\/\",\"url\":\"https:\/\/sodre.gub.uy\/espectaculos\/wp-content\/uploads\/sites\/2\/2023\/12\/logo-sodre-black.svg\",\"contentUrl\":\"https:\/\/sodre.gub.uy\/espectaculos\/wp-content\/uploads\/sites\/2\/2023\/12\/logo-sodre-black.svg\",\"caption\":\"Espect\u00e1culos\"},\"image\":{\"@id\":\"https:\/\/sodre.gub.uy\/espectaculos\/#\/schema\/logo\/image\/\"}}]}<\/script>\n<!-- \/ Yoast SEO plugin. -->","yoast_head_json":{"title":"Star Wars: El retorno del Jedi \u2013 En concierto - Espect\u00e1culos","robots":{"index":"index","follow":"follow","max-snippet":"max-snippet:-1","max-image-preview":"max-image-preview:large","max-video-preview":"max-video-preview:-1"},"canonical":"https:\/\/sodre.gub.uy\/espectaculos\/star-wars-el-retorno-del-jedi-en-concierto\/","og_locale":"es_ES","og_type":"article","og_title":"Star Wars: El retorno del Jedi \u2013 En concierto - Espect\u00e1culos","og_description":"Esta reconocida banda sonora compuesta por el ganador del Oscar\u00ae John Williams, ser\u00e1 interpretada en vivo por la Orquesta Sinf\u00f3nica Nacional del Sodre mientras se proyecta la pel\u00edcula","og_url":"https:\/\/sodre.gub.uy\/espectaculos\/star-wars-el-retorno-del-jedi-en-concierto\/","og_site_name":"Espect\u00e1culos","article_modified_time":"2026-01-30T17:44:25+00:00","twitter_card":"summary_large_image","twitter_misc":{"Tiempo de lectura":"1 minuto"},"schema":{"@context":"https:\/\/schema.org","@graph":[{"@type":"WebPage","@id":"https:\/\/sodre.gub.uy\/espectaculos\/star-wars-el-retorno-del-jedi-en-concierto\/","url":"https:\/\/sodre.gub.uy\/espectaculos\/star-wars-el-retorno-del-jedi-en-concierto\/","name":"Star Wars: El retorno del Jedi \u2013 En concierto - Espect\u00e1culos","isPartOf":{"@id":"https:\/\/sodre.gub.uy\/espectaculos\/#website"},"datePublished":"2025-12-09T14:37:45+00:00","dateModified":"2026-01-30T17:44:25+00:00","inLanguage":"es","potentialAction":[{"@type":"ReadAction","target":["https:\/\/sodre.gub.uy\/espectaculos\/star-wars-el-retorno-del-jedi-en-concierto\/"]}]},{"@type":"WebSite","@id":"https:\/\/sodre.gub.uy\/espectaculos\/#website","url":"https:\/\/sodre.gub.uy\/espectaculos\/","name":"Espect\u00e1culos","description":"Servicio Oficial de Difusi\u00f3n, Representaciones y Espect\u00e1culos","publisher":{"@id":"https:\/\/sodre.gub.uy\/espectaculos\/#organization"},"potentialAction":[{"@type":"SearchAction","target":{"@type":"EntryPoint","urlTemplate":"https:\/\/sodre.gub.uy\/espectaculos\/?s={search_term_string}"},"query-input":"required name=search_term_string"}],"inLanguage":"es"},{"@type":"Organization","@id":"https:\/\/sodre.gub.uy\/espectaculos\/#organization","name":"Espect\u00e1culos","url":"https:\/\/sodre.gub.uy\/espectaculos\/","logo":{"@type":"ImageObject","inLanguage":"es","@id":"https:\/\/sodre.gub.uy\/espectaculos\/#\/schema\/logo\/image\/","url":"https:\/\/sodre.gub.uy\/espectaculos\/wp-content\/uploads\/sites\/2\/2023\/12\/logo-sodre-black.svg","contentUrl":"https:\/\/sodre.gub.uy\/espectaculos\/wp-content\/uploads\/sites\/2\/2023\/12\/logo-sodre-black.svg","caption":"Espect\u00e1culos"},"image":{"@id":"https:\/\/sodre.gub.uy\/espectaculos\/#\/schema\/logo\/image\/"}}]}},"_links":{"self":[{"href":"https:\/\/sodre.gub.uy\/espectaculos\/wp-json\/wp\/v2\/espectaculo\/10591"}],"collection":[{"href":"https:\/\/sodre.gub.uy\/espectaculos\/wp-json\/wp\/v2\/espectaculo"}],"about":[{"href":"https:\/\/sodre.gub.uy\/espectaculos\/wp-json\/wp\/v2\/types\/espectaculo"}],"version-history":[{"count":10,"href":"https:\/\/sodre.gub.uy\/espectaculos\/wp-json\/wp\/v2\/espectaculo\/10591\/revisions"}],"predecessor-version":[{"id":10985,"href":"https:\/\/sodre.gub.uy\/espectaculos\/wp-json\/wp\/v2\/espectaculo\/10591\/revisions\/10985"}],"wp:attachment":[{"href":"https:\/\/sodre.gub.uy\/espectaculos\/wp-json\/wp\/v2\/media?parent=10591"}],"wp:term":[{"taxonomy":"cuerpo-estable","embeddable":true,"href":"https:\/\/sodre.gub.uy\/espectaculos\/wp-json\/wp\/v2\/cuerpo-estable?post=10591"},{"taxonomy":"etiqueta-espectaculo","embeddable":true,"href":"https:\/\/sodre.gub.uy\/espectaculos\/wp-json\/wp\/v2\/etiqueta-espectaculo?post=10591"},{"taxonomy":"lugar","embeddable":true,"href":"https:\/\/sodre.gub.uy\/espectaculos\/wp-json\/wp\/v2\/lugar?post=10591"},{"taxonomy":"sala-espacio","embeddable":true,"href":"https:\/\/sodre.gub.uy\/espectaculos\/wp-json\/wp\/v2\/sala-espacio?post=10591"}],"curies":[{"name":"wp","href":"https:\/\/api.w.org\/{rel}","templated":true}]}}

<div class="wpb-content-wrapper"><p>[vc_section el_class=»content&#8211;espectaculo»][vc_row el_class=»cyg&#8211;descripcion»][vc_column][vc_column_text]Se trata de una producción de Disney que permitirá a los espectadores disfrutar de la proyección de la película en pantalla gigante mientras la Orquesta Sinfónica Nacional del Sodre, bajo la dirección del director Ezequiel Silberstein, dará vida a la banda sonora del compositor ganador del Oscar® John Williams.</p>
<p>Las entradas se encuentran a la venta a través de <span style="color: #0000ff"><a style="color: #0000ff" href="https://tickantel.com.uy/inicio/espectaculo/40019948/espectaculo/Star%20Wars%20-%20El%20retorno%20del%20Jedi%20-%20En%20concierto?7">Tickantel.com.uy</a></span>[/vc_column_text][vc_empty_space height=»30px» el_class=»cyg&#8211;espacio-30&#8243;][/vc_column][/vc_row][vc_row el_class=»cyg&#8211;ficha»][vc_column width=»1/2&#8243;][vc_row_inner][vc_column_inner][vc_column_text]<strong>Dirección de la Orquesta Sinfónica Nacional:</strong> Ezequiel Silberstein[/vc_column_text][vc_empty_space height=»10&#8243; el_class=»cyg&#8211;espacio-10&#8243;][/vc_column_inner][/vc_row_inner][vc_row_inner][vc_column_inner][vc_empty_space height=»10&#8243; el_class=»cyg&#8211;espacio-10&#8243;][/vc_column_inner][/vc_row_inner][/vc_column][vc_column width=»1/2&#8243;][vc_row_inner][vc_column_inner][vc_empty_space height=»10&#8243; el_class=»cyg&#8211;espacio-10&#8243;][/vc_column_inner][/vc_row_inner][vc_row_inner][vc_column_inner][vc_empty_space height=»10&#8243; el_class=»cyg&#8211;espacio-10&#8243;][/vc_column_inner][/vc_row_inner][/vc_column][/vc_row][vc_row][vc_column][vc_empty_space height=»10px»][vc_column_text]<strong>Duración:</strong> 2 h 14 min.[/vc_column_text][vc_column_text]Las funciones del 16, 17 y 18 de abril serán subtituladas y la del 19 será doblada al castellano.[/vc_column_text][vc_column_text]<strong>Edad máxima (inclusive) con acceso gratuito permitido:</strong> 3 años[/vc_column_text][/vc_column][/vc_row][/vc_section]</p>
</div>

<p>Esta reconocida banda sonora compuesta por el ganador del Oscar® John Williams, será interpretada en vivo por la Orquesta Sinfónica Nacional del Sodre mientras se proyecta la película</p>

<!-- This site is optimized with the Yoast SEO plugin v21.7 - https://yoast.com/wordpress/plugins/seo/ -->
<title>Star Wars: El retorno del Jedi – En concierto - Espectáculos</title>
<meta name="robots" content="index, follow, max-snippet:-1, max-image-preview:large, max-video-preview:-1" />
<link rel="canonical" href="https://sodre.gub.uy/espectaculos/star-wars-el-retorno-del-jedi-en-concierto/" />
<meta property="og:locale" content="es_ES" />
<meta property="og:type" content="article" />
<meta property="og:title" content="Star Wars: El retorno del Jedi – En concierto - Espectáculos" />
<meta property="og:description" content="Esta reconocida banda sonora compuesta por el ganador del Oscar® John Williams, será interpretada en vivo por la Orquesta Sinfónica Nacional del Sodre mientras se proyecta la película" />
<meta property="og:url" content="https://sodre.gub.uy/espectaculos/star-wars-el-retorno-del-jedi-en-concierto/" />
<meta property="og:site_name" content="Espectáculos" />
<meta property="article:modified_time" content="2026-01-30T17:44:25+00:00" />
<meta name="twitter:card" content="summary_large_image" />
<meta name="twitter:label1" content="Tiempo de lectura" />
	<meta name="twitter:data1" content="1 minuto" />
<script type="application/ld+json" class="yoast-schema-graph">{"@context":"https://schema.org","@graph":[{"@type":"WebPage","@id":"https://sodre.gub.uy/espectaculos/star-wars-el-retorno-del-jedi-en-concierto/","url":"https://sodre.gub.uy/espectaculos/star-wars-el-retorno-del-jedi-en-concierto/","name":"Star Wars: El retorno del Jedi – En concierto - Espectáculos","isPartOf":{"@id":"https://sodre.gub.uy/espectaculos/#website"},"datePublished":"2025-12-09T14:37:45+00:00","dateModified":"2026-01-30T17:44:25+00:00","inLanguage":"es","potentialAction":[{"@type":"ReadAction","target":["https://sodre.gub.uy/espectaculos/star-wars-el-retorno-del-jedi-en-concierto/"]}]},{"@type":"WebSite","@id":"https://sodre.gub.uy/espectaculos/#website","url":"https://sodre.gub.uy/espectaculos/","name":"Espectáculos","description":"Servicio Oficial de Difusión, Representaciones y Espectáculos","publisher":{"@id":"https://sodre.gub.uy/espectaculos/#organization"},"potentialAction":[{"@type":"SearchAction","target":{"@type":"EntryPoint","urlTemplate":"https://sodre.gub.uy/espectaculos/?s={search_term_string}"},"query-input":"required name=search_term_string"}],"inLanguage":"es"},{"@type":"Organization","@id":"https://sodre.gub.uy/espectaculos/#organization","name":"Espectáculos","url":"https://sodre.gub.uy/espectaculos/","logo":{"@type":"ImageObject","inLanguage":"es","@id":"https://sodre.gub.uy/espectaculos/#/schema/logo/image/","url":"https://sodre.gub.uy/espectaculos/wp-content/uploads/sites/2/2023/12/logo-sodre-black.svg","contentUrl":"https://sodre.gub.uy/espectaculos/wp-content/uploads/sites/2/2023/12/logo-sodre-black.svg","caption":"Espectáculos"},"image":{"@id":"https://sodre.gub.uy/espectaculos/#/schema/logo/image/"}}]}</script>
<!-- / Yoast SEO plugin. -->

Star Wars: El retorno del Jedi – En concierto - Espectáculos

Esta reconocida banda sonora compuesta por el ganador del Oscar® John Williams, será interpretada en vivo por la Orquesta Sinfónica Nacional del Sodre mientras se proyecta la película

Espectáculos

Servicio Oficial de Difusión, Representaciones y Espectáculos
