{"id":10306,"date":"2025-11-05T12:56:55","date_gmt":"2025-11-05T15:56:55","guid":{"rendered":"https:\/\/sodre.gub.uy\/espectaculos\/?post_type=espectaculo&#038;p=10306"},"modified":"2025-11-05T13:11:23","modified_gmt":"2025-11-05T16:11:23","slug":"concierto-de-egreso-de-ma-jose-antunez-y-sofia-rasmussen","status":"publish","type":"espectaculo","link":"https:\/\/sodre.gub.uy\/espectaculos\/concierto-de-egreso-de-ma-jose-antunez-y-sofia-rasmussen\/","title":{"rendered":"Concierto de egreso de Ma. Jos\u00e9 Ant\u00fanez y Sof\u00eda Rasmussen"},"content":{"rendered":"<div class=\"wpb-content-wrapper\"><p>[vc_section el_class=\u00bbcontent&#8211;espectaculo\u00bb][vc_row el_class=\u00bbcyg&#8211;descripcion\u00bb][vc_column][vc_column_text]La mezzosoprano (Ma. Jos\u00e9 Ant\u00fanez ) y la soprano (Sof\u00eda Rasmussen) interpretar\u00e1n variadas obras del repertorio l\u00edrico.<\/p>\n<p>Componen el programa obras de: Bach, Mozart, Gounod, Strauss, Clara Schumann, Brahms, Poulenc, Donizetti, Saint\u2013Saens, Verdi y Delibes, mostrando la gran versatilidad interpretativa de ambas cantantes que estar\u00e1n acompa\u00f1adas por los pianistas Patricia Mendoza y Mart\u00edn Troche.<\/p>\n<p>&nbsp;<\/p>\n<h4>Entrada libre.<\/h4>\n<p>&nbsp;<\/p>\n<p><strong>Otros egresos:<\/strong><\/p>\n<ul>\n<li><a href=\"https:\/\/sodre.gub.uy\/espectaculos\/concierto-de-egreso-de-german-barboza-y-jose-noguera\/\"><span style=\"color: #0000ff\"><strong>13 de noviembre<\/strong> | Auditorio Vaz Ferreira | 19 h:<\/span><\/a> Germ\u00e1n Barboza y Jos\u00e9 Noguera.<\/li>\n<li><span style=\"color: #0000ff\"><a style=\"color: #0000ff\" href=\"https:\/\/sodre.gub.uy\/espectaculos\/concierto-de-egreso-de-carina-techera-melina-ruiz-y-federico-fagundez\/\"><strong>25 de noviembre<\/strong> | Auditorio Vaz Ferreira | 19 h:<\/a><\/span> Carina Techera, Melina Ruiz y Federico Fag\u00fandez.<\/li>\n<\/ul>\n<p>[\/vc_column_text][vc_empty_space height=\u00bb30px\u00bb el_class=\u00bbcyg&#8211;espacio-30&#8243;][\/vc_column][\/vc_row][vc_row el_class=\u00bbcyg&#8211;ficha\u00bb][vc_column width=\u00bb1\/2&#8243;][vc_row_inner][vc_column_inner][vc_empty_space height=\u00bb10&#8243; el_class=\u00bbcyg&#8211;espacio-10&#8243;][\/vc_column_inner][\/vc_row_inner][vc_row_inner][vc_column_inner][vc_empty_space height=\u00bb10&#8243; el_class=\u00bbcyg&#8211;espacio-10&#8243;][\/vc_column_inner][\/vc_row_inner][\/vc_column][vc_column width=\u00bb1\/2&#8243;][vc_row_inner][vc_column_inner][vc_empty_space height=\u00bb10&#8243; el_class=\u00bbcyg&#8211;espacio-10&#8243;][\/vc_column_inner][\/vc_row_inner][vc_row_inner][vc_column_inner][vc_empty_space height=\u00bb10&#8243; el_class=\u00bbcyg&#8211;espacio-10&#8243;][\/vc_column_inner][\/vc_row_inner][\/vc_column][\/vc_row][vc_row][vc_column][vc_empty_space height=\u00bb10px\u00bb][\/vc_column][\/vc_row][\/vc_section]<\/p>\n<\/div>","protected":false},"excerpt":{"rendered":"<p>Escuela Nacional de Arte L\u00edrico de las Escuelas Sodre<\/p>\n","protected":false},"menu_order":0,"template":"","format":"standard","cuerpo-estable":[40],"etiqueta-espectaculo":[],"lugar":[18],"sala-espacio":[],"acf":[],"yoast_head":"<!-- This site is optimized with the Yoast SEO plugin v21.7 - https:\/\/yoast.com\/wordpress\/plugins\/seo\/ -->\n<title>Concierto de egreso de Ma. Jos\u00e9 Ant\u00fanez y Sof\u00eda Rasmussen - Espect\u00e1culos<\/title>\n<meta name=\"robots\" content=\"index, follow, max-snippet:-1, max-image-preview:large, max-video-preview:-1\" \/>\n<link rel=\"canonical\" href=\"https:\/\/sodre.gub.uy\/espectaculos\/concierto-de-egreso-de-ma-jose-antunez-y-sofia-rasmussen\/\" \/>\n<meta property=\"og:locale\" content=\"es_ES\" \/>\n<meta property=\"og:type\" content=\"article\" \/>\n<meta property=\"og:title\" content=\"Concierto de egreso de Ma. Jos\u00e9 Ant\u00fanez y Sof\u00eda Rasmussen - Espect\u00e1culos\" \/>\n<meta property=\"og:description\" content=\"Escuela Nacional de Arte L\u00edrico de las Escuelas Sodre\" \/>\n<meta property=\"og:url\" content=\"https:\/\/sodre.gub.uy\/espectaculos\/concierto-de-egreso-de-ma-jose-antunez-y-sofia-rasmussen\/\" \/>\n<meta property=\"og:site_name\" content=\"Espect\u00e1culos\" \/>\n<meta property=\"article:modified_time\" content=\"2025-11-05T16:11:23+00:00\" \/>\n<meta name=\"twitter:card\" content=\"summary_large_image\" \/>\n<meta name=\"twitter:label1\" content=\"Tiempo de lectura\" \/>\n\t<meta name=\"twitter:data1\" content=\"1 minuto\" \/>\n<script type=\"application\/ld+json\" class=\"yoast-schema-graph\">{\"@context\":\"https:\/\/schema.org\",\"@graph\":[{\"@type\":\"WebPage\",\"@id\":\"https:\/\/sodre.gub.uy\/espectaculos\/concierto-de-egreso-de-ma-jose-antunez-y-sofia-rasmussen\/\",\"url\":\"https:\/\/sodre.gub.uy\/espectaculos\/concierto-de-egreso-de-ma-jose-antunez-y-sofia-rasmussen\/\",\"name\":\"Concierto de egreso de Ma. Jos\u00e9 Ant\u00fanez y Sof\u00eda Rasmussen - Espect\u00e1culos\",\"isPartOf\":{\"@id\":\"https:\/\/sodre.gub.uy\/espectaculos\/#website\"},\"datePublished\":\"2025-11-05T15:56:55+00:00\",\"dateModified\":\"2025-11-05T16:11:23+00:00\",\"inLanguage\":\"es\",\"potentialAction\":[{\"@type\":\"ReadAction\",\"target\":[\"https:\/\/sodre.gub.uy\/espectaculos\/concierto-de-egreso-de-ma-jose-antunez-y-sofia-rasmussen\/\"]}]},{\"@type\":\"WebSite\",\"@id\":\"https:\/\/sodre.gub.uy\/espectaculos\/#website\",\"url\":\"https:\/\/sodre.gub.uy\/espectaculos\/\",\"name\":\"Espect\u00e1culos\",\"description\":\"Servicio Oficial de Difusi\u00f3n, Representaciones y Espect\u00e1culos\",\"publisher\":{\"@id\":\"https:\/\/sodre.gub.uy\/espectaculos\/#organization\"},\"potentialAction\":[{\"@type\":\"SearchAction\",\"target\":{\"@type\":\"EntryPoint\",\"urlTemplate\":\"https:\/\/sodre.gub.uy\/espectaculos\/?s={search_term_string}\"},\"query-input\":\"required name=search_term_string\"}],\"inLanguage\":\"es\"},{\"@type\":\"Organization\",\"@id\":\"https:\/\/sodre.gub.uy\/espectaculos\/#organization\",\"name\":\"Espect\u00e1culos\",\"url\":\"https:\/\/sodre.gub.uy\/espectaculos\/\",\"logo\":{\"@type\":\"ImageObject\",\"inLanguage\":\"es\",\"@id\":\"https:\/\/sodre.gub.uy\/espectaculos\/#\/schema\/logo\/image\/\",\"url\":\"https:\/\/sodre.gub.uy\/espectaculos\/wp-content\/uploads\/sites\/2\/2023\/12\/logo-sodre-black.svg\",\"contentUrl\":\"https:\/\/sodre.gub.uy\/espectaculos\/wp-content\/uploads\/sites\/2\/2023\/12\/logo-sodre-black.svg\",\"caption\":\"Espect\u00e1culos\"},\"image\":{\"@id\":\"https:\/\/sodre.gub.uy\/espectaculos\/#\/schema\/logo\/image\/\"}}]}<\/script>\n<!-- \/ Yoast SEO plugin. -->","yoast_head_json":{"title":"Concierto de egreso de Ma. Jos\u00e9 Ant\u00fanez y Sof\u00eda Rasmussen - Espect\u00e1culos","robots":{"index":"index","follow":"follow","max-snippet":"max-snippet:-1","max-image-preview":"max-image-preview:large","max-video-preview":"max-video-preview:-1"},"canonical":"https:\/\/sodre.gub.uy\/espectaculos\/concierto-de-egreso-de-ma-jose-antunez-y-sofia-rasmussen\/","og_locale":"es_ES","og_type":"article","og_title":"Concierto de egreso de Ma. Jos\u00e9 Ant\u00fanez y Sof\u00eda Rasmussen - Espect\u00e1culos","og_description":"Escuela Nacional de Arte L\u00edrico de las Escuelas Sodre","og_url":"https:\/\/sodre.gub.uy\/espectaculos\/concierto-de-egreso-de-ma-jose-antunez-y-sofia-rasmussen\/","og_site_name":"Espect\u00e1culos","article_modified_time":"2025-11-05T16:11:23+00:00","twitter_card":"summary_large_image","twitter_misc":{"Tiempo de lectura":"1 minuto"},"schema":{"@context":"https:\/\/schema.org","@graph":[{"@type":"WebPage","@id":"https:\/\/sodre.gub.uy\/espectaculos\/concierto-de-egreso-de-ma-jose-antunez-y-sofia-rasmussen\/","url":"https:\/\/sodre.gub.uy\/espectaculos\/concierto-de-egreso-de-ma-jose-antunez-y-sofia-rasmussen\/","name":"Concierto de egreso de Ma. Jos\u00e9 Ant\u00fanez y Sof\u00eda Rasmussen - Espect\u00e1culos","isPartOf":{"@id":"https:\/\/sodre.gub.uy\/espectaculos\/#website"},"datePublished":"2025-11-05T15:56:55+00:00","dateModified":"2025-11-05T16:11:23+00:00","inLanguage":"es","potentialAction":[{"@type":"ReadAction","target":["https:\/\/sodre.gub.uy\/espectaculos\/concierto-de-egreso-de-ma-jose-antunez-y-sofia-rasmussen\/"]}]},{"@type":"WebSite","@id":"https:\/\/sodre.gub.uy\/espectaculos\/#website","url":"https:\/\/sodre.gub.uy\/espectaculos\/","name":"Espect\u00e1culos","description":"Servicio Oficial de Difusi\u00f3n, Representaciones y Espect\u00e1culos","publisher":{"@id":"https:\/\/sodre.gub.uy\/espectaculos\/#organization"},"potentialAction":[{"@type":"SearchAction","target":{"@type":"EntryPoint","urlTemplate":"https:\/\/sodre.gub.uy\/espectaculos\/?s={search_term_string}"},"query-input":"required name=search_term_string"}],"inLanguage":"es"},{"@type":"Organization","@id":"https:\/\/sodre.gub.uy\/espectaculos\/#organization","name":"Espect\u00e1culos","url":"https:\/\/sodre.gub.uy\/espectaculos\/","logo":{"@type":"ImageObject","inLanguage":"es","@id":"https:\/\/sodre.gub.uy\/espectaculos\/#\/schema\/logo\/image\/","url":"https:\/\/sodre.gub.uy\/espectaculos\/wp-content\/uploads\/sites\/2\/2023\/12\/logo-sodre-black.svg","contentUrl":"https:\/\/sodre.gub.uy\/espectaculos\/wp-content\/uploads\/sites\/2\/2023\/12\/logo-sodre-black.svg","caption":"Espect\u00e1culos"},"image":{"@id":"https:\/\/sodre.gub.uy\/espectaculos\/#\/schema\/logo\/image\/"}}]}},"_links":{"self":[{"href":"https:\/\/sodre.gub.uy\/espectaculos\/wp-json\/wp\/v2\/espectaculo\/10306"}],"collection":[{"href":"https:\/\/sodre.gub.uy\/espectaculos\/wp-json\/wp\/v2\/espectaculo"}],"about":[{"href":"https:\/\/sodre.gub.uy\/espectaculos\/wp-json\/wp\/v2\/types\/espectaculo"}],"version-history":[{"count":6,"href":"https:\/\/sodre.gub.uy\/espectaculos\/wp-json\/wp\/v2\/espectaculo\/10306\/revisions"}],"predecessor-version":[{"id":10324,"href":"https:\/\/sodre.gub.uy\/espectaculos\/wp-json\/wp\/v2\/espectaculo\/10306\/revisions\/10324"}],"wp:attachment":[{"href":"https:\/\/sodre.gub.uy\/espectaculos\/wp-json\/wp\/v2\/media?parent=10306"}],"wp:term":[{"taxonomy":"cuerpo-estable","embeddable":true,"href":"https:\/\/sodre.gub.uy\/espectaculos\/wp-json\/wp\/v2\/cuerpo-estable?post=10306"},{"taxonomy":"etiqueta-espectaculo","embeddable":true,"href":"https:\/\/sodre.gub.uy\/espectaculos\/wp-json\/wp\/v2\/etiqueta-espectaculo?post=10306"},{"taxonomy":"lugar","embeddable":true,"href":"https:\/\/sodre.gub.uy\/espectaculos\/wp-json\/wp\/v2\/lugar?post=10306"},{"taxonomy":"sala-espacio","embeddable":true,"href":"https:\/\/sodre.gub.uy\/espectaculos\/wp-json\/wp\/v2\/sala-espacio?post=10306"}],"curies":[{"name":"wp","href":"https:\/\/api.w.org\/{rel}","templated":true}]}}

Concierto de egreso de Ma. José Antúnez y Sofía Rasmussen

<div class="wpb-content-wrapper"><p>[vc_section el_class=»content&#8211;espectaculo»][vc_row el_class=»cyg&#8211;descripcion»][vc_column][vc_column_text]La mezzosoprano (Ma. José Antúnez ) y la soprano (Sofía Rasmussen) interpretarán variadas obras del repertorio lírico.</p>
<p>Componen el programa obras de: Bach, Mozart, Gounod, Strauss, Clara Schumann, Brahms, Poulenc, Donizetti, Saint–Saens, Verdi y Delibes, mostrando la gran versatilidad interpretativa de ambas cantantes que estarán acompañadas por los pianistas Patricia Mendoza y Martín Troche.</p>
<p>&nbsp;</p>
<h4>Entrada libre.</h4>
<p>&nbsp;</p>
<p><strong>Otros egresos:</strong></p>
<ul>
<li><a href="https://sodre.gub.uy/espectaculos/concierto-de-egreso-de-german-barboza-y-jose-noguera/"><span style="color: #0000ff"><strong>13 de noviembre</strong> | Auditorio Vaz Ferreira | 19 h:</span></a> Germán Barboza y José Noguera.</li>
<li><span style="color: #0000ff"><a style="color: #0000ff" href="https://sodre.gub.uy/espectaculos/concierto-de-egreso-de-carina-techera-melina-ruiz-y-federico-fagundez/"><strong>25 de noviembre</strong> | Auditorio Vaz Ferreira | 19 h:</a></span> Carina Techera, Melina Ruiz y Federico Fagúndez.</li>
</ul>
<p>[/vc_column_text][vc_empty_space height=»30px» el_class=»cyg&#8211;espacio-30&#8243;][/vc_column][/vc_row][vc_row el_class=»cyg&#8211;ficha»][vc_column width=»1/2&#8243;][vc_row_inner][vc_column_inner][vc_empty_space height=»10&#8243; el_class=»cyg&#8211;espacio-10&#8243;][/vc_column_inner][/vc_row_inner][vc_row_inner][vc_column_inner][vc_empty_space height=»10&#8243; el_class=»cyg&#8211;espacio-10&#8243;][/vc_column_inner][/vc_row_inner][/vc_column][vc_column width=»1/2&#8243;][vc_row_inner][vc_column_inner][vc_empty_space height=»10&#8243; el_class=»cyg&#8211;espacio-10&#8243;][/vc_column_inner][/vc_row_inner][vc_row_inner][vc_column_inner][vc_empty_space height=»10&#8243; el_class=»cyg&#8211;espacio-10&#8243;][/vc_column_inner][/vc_row_inner][/vc_column][/vc_row][vc_row][vc_column][vc_empty_space height=»10px»][/vc_column][/vc_row][/vc_section]</p>
</div>

<p>Escuela Nacional de Arte Lírico de las Escuelas Sodre</p>

<!-- This site is optimized with the Yoast SEO plugin v21.7 - https://yoast.com/wordpress/plugins/seo/ -->
<title>Concierto de egreso de Ma. José Antúnez y Sofía Rasmussen - Espectáculos</title>
<meta name="robots" content="index, follow, max-snippet:-1, max-image-preview:large, max-video-preview:-1" />
<link rel="canonical" href="https://sodre.gub.uy/espectaculos/concierto-de-egreso-de-ma-jose-antunez-y-sofia-rasmussen/" />
<meta property="og:locale" content="es_ES" />
<meta property="og:type" content="article" />
<meta property="og:title" content="Concierto de egreso de Ma. José Antúnez y Sofía Rasmussen - Espectáculos" />
<meta property="og:description" content="Escuela Nacional de Arte Lírico de las Escuelas Sodre" />
<meta property="og:url" content="https://sodre.gub.uy/espectaculos/concierto-de-egreso-de-ma-jose-antunez-y-sofia-rasmussen/" />
<meta property="og:site_name" content="Espectáculos" />
<meta property="article:modified_time" content="2025-11-05T16:11:23+00:00" />
<meta name="twitter:card" content="summary_large_image" />
<meta name="twitter:label1" content="Tiempo de lectura" />
	<meta name="twitter:data1" content="1 minuto" />
<script type="application/ld+json" class="yoast-schema-graph">{"@context":"https://schema.org","@graph":[{"@type":"WebPage","@id":"https://sodre.gub.uy/espectaculos/concierto-de-egreso-de-ma-jose-antunez-y-sofia-rasmussen/","url":"https://sodre.gub.uy/espectaculos/concierto-de-egreso-de-ma-jose-antunez-y-sofia-rasmussen/","name":"Concierto de egreso de Ma. José Antúnez y Sofía Rasmussen - Espectáculos","isPartOf":{"@id":"https://sodre.gub.uy/espectaculos/#website"},"datePublished":"2025-11-05T15:56:55+00:00","dateModified":"2025-11-05T16:11:23+00:00","inLanguage":"es","potentialAction":[{"@type":"ReadAction","target":["https://sodre.gub.uy/espectaculos/concierto-de-egreso-de-ma-jose-antunez-y-sofia-rasmussen/"]}]},{"@type":"WebSite","@id":"https://sodre.gub.uy/espectaculos/#website","url":"https://sodre.gub.uy/espectaculos/","name":"Espectáculos","description":"Servicio Oficial de Difusión, Representaciones y Espectáculos","publisher":{"@id":"https://sodre.gub.uy/espectaculos/#organization"},"potentialAction":[{"@type":"SearchAction","target":{"@type":"EntryPoint","urlTemplate":"https://sodre.gub.uy/espectaculos/?s={search_term_string}"},"query-input":"required name=search_term_string"}],"inLanguage":"es"},{"@type":"Organization","@id":"https://sodre.gub.uy/espectaculos/#organization","name":"Espectáculos","url":"https://sodre.gub.uy/espectaculos/","logo":{"@type":"ImageObject","inLanguage":"es","@id":"https://sodre.gub.uy/espectaculos/#/schema/logo/image/","url":"https://sodre.gub.uy/espectaculos/wp-content/uploads/sites/2/2023/12/logo-sodre-black.svg","contentUrl":"https://sodre.gub.uy/espectaculos/wp-content/uploads/sites/2/2023/12/logo-sodre-black.svg","caption":"Espectáculos"},"image":{"@id":"https://sodre.gub.uy/espectaculos/#/schema/logo/image/"}}]}</script>
<!-- / Yoast SEO plugin. -->

Concierto de egreso de Ma. José Antúnez y Sofía Rasmussen - Espectáculos

Escuela Nacional de Arte Lírico de las Escuelas Sodre

Espectáculos

Servicio Oficial de Difusión, Representaciones y Espectáculos
