{"id":528,"date":"2025-07-17T13:22:14","date_gmt":"2025-07-17T16:22:14","guid":{"rendered":"https:\/\/sodre.gub.uy\/anip\/?post_type=exposicion&#038;p=528"},"modified":"2026-04-07T10:56:38","modified_gmt":"2026-04-07T13:56:38","slug":"cien-veces-tranvia-un-viaje-que-recorre-la-historia-y-mira-al-presente-y-al-futuro","status":"publish","type":"exposicion","link":"https:\/\/sodre.gub.uy\/anip\/exposicion\/cien-veces-tranvia-un-viaje-que-recorre-la-historia-y-mira-al-presente-y-al-futuro\/","title":{"rendered":"\u201cCien veces tranv\u00eda\u201d: un viaje que recorre la historia y mira al presente y al futuro"},"content":{"rendered":"<div class=\"wpb-content-wrapper\"><p>[vc_section][vc_row][vc_column][vc_column_text]La nueva exposici\u00f3n del Archivo Nacional de la Imagen y la Palabra (ANIP) re\u00fane documentos, boletos, mapas, objetos patrimoniales, fotograf\u00edas, textos de escritores, testimonios de usuarios que fueron parte del universo tranviario de la ciudad, entre otras cosas. El recorrido, que abarca desde los primeros tranv\u00edas a caballo hasta el el\u00e9ctrico, se plantea como una experiencia viva, accesible y significativa para todas las generaciones.<\/p>\n<p>\u201cQuisimos recuperar algo que de a poco fuimos olvidando. Los cambios fueron mucho m\u00e1s que un medio de transporte\u201d, expres\u00f3 la directora de ANIP, Melisa Esp\u00f3sito, durante la inauguraci\u00f3n. \u201cQueremos que esta experiencia sea significativa para todas las generaciones\u201d, agreg\u00f3 y anunci\u00f3 que a partir del 2026 la muestra recorrer\u00e1 el pa\u00eds.<\/p>\n<p>El evento cont\u00f3 con la presencia del director general de Secretar\u00eda del Ministerio de Educaci\u00f3n y Cultura, Carlos Varela; la vicepresidente del Consejo Directivo del Sodre, Alejandra Moreira; la consejera de esta instituci\u00f3n, Natalia Schiavone y el curador de la muestra, Carlos Reyes M\u00f6ller, entre otras autoridades.<\/p>\n<p>Para Reyes M\u00f6ller, el tranv\u00eda es \u201cun objeto de historia social, de historia de las costumbres, es una puerta a la historia de las mentalidades\u201d y agreg\u00f3 que la muestra invita a leer, \u201cse mezclan m\u00e9tricas, historia comunicativa, datos duros\u201d. Adem\u00e1s de vagones y pasajeros, aparecen trabajadores y personajes que formaban parte del d\u00eda a d\u00eda, como el actor de la Comedia Nacional, Alberto Candeau, que en su juventud se colaba en el tranv\u00eda para ir a trabajar.<\/p>\n<p>Desde una perspectiva institucional, Varela, destac\u00f3 el valor patrimonial de este sistema de transporte ferroviario como parte de la \u201cconstrucci\u00f3n hacia nuestra identidad\u00bb. Reflexion\u00f3 sobre los modelos de progreso que marcaron el siglo XX y c\u00f3mo ciertos sistemas fueron dejados de lado por considerarse obsoletos. La \u201cpiqueta fatal del progreso\u201d determin\u00f3 que \u201cera mejor la combusti\u00f3n\u201d, lo derivado del petr\u00f3leo.<\/p>\n<p>Varela tambi\u00e9n hizo un paralelismo con otros medios de transporte relegados, como el ferrocarril, al considerar que lo que antes se percib\u00eda como \u201cineficiente, hoy el tiempo lo est\u00e1 retomando y reivindicando como algo eficiente\u201d.<\/p>\n<p><em>Cien veces tranv\u00eda<\/em> se puede visitar hasta el 6 de febrero de 2026 de lunes a viernes de 11 a 17 horas, con entrada libre.[\/vc_column_text][vc_empty_space][vc_gallery type=\u00bbimage_grid\u00bb images=\u00bb529,530,531,532,533,534,535,536,537,538,539,540,541,542,543,544&#8243;][\/vc_column][\/vc_row][\/vc_section]<\/p>\n<\/div>","protected":false},"excerpt":{"rendered":"<p>Una exposici\u00f3n que recorre la historia del transporte colectivo de Montevideo<\/p>\n","protected":false},"menu_order":0,"template":"","format":"standard","categoria-de-exposicion":[9],"acf":[],"yoast_head":"<!-- This site is optimized with the Yoast SEO plugin v21.7 - https:\/\/yoast.com\/wordpress\/plugins\/seo\/ -->\n<title>\u201cCien veces tranv\u00eda\u201d: un viaje que recorre la historia y mira al presente y al futuro - Anip<\/title>\n<meta name=\"robots\" content=\"index, follow, max-snippet:-1, max-image-preview:large, max-video-preview:-1\" \/>\n<link rel=\"canonical\" href=\"https:\/\/sodre.gub.uy\/anip\/exposicion\/cien-veces-tranvia-un-viaje-que-recorre-la-historia-y-mira-al-presente-y-al-futuro\/\" \/>\n<meta property=\"og:locale\" content=\"es_ES\" \/>\n<meta property=\"og:type\" content=\"article\" \/>\n<meta property=\"og:title\" content=\"\u201cCien veces tranv\u00eda\u201d: un viaje que recorre la historia y mira al presente y al futuro - Anip\" \/>\n<meta property=\"og:description\" content=\"Una exposici\u00f3n que recorre la historia del transporte colectivo de Montevideo\" \/>\n<meta property=\"og:url\" content=\"https:\/\/sodre.gub.uy\/anip\/exposicion\/cien-veces-tranvia-un-viaje-que-recorre-la-historia-y-mira-al-presente-y-al-futuro\/\" \/>\n<meta property=\"og:site_name\" content=\"Anip\" \/>\n<meta property=\"article:modified_time\" content=\"2026-04-07T13:56:38+00:00\" \/>\n<meta name=\"twitter:card\" content=\"summary_large_image\" \/>\n<meta name=\"twitter:label1\" content=\"Tiempo de lectura\" \/>\n\t<meta name=\"twitter:data1\" content=\"4 minutos\" \/>\n<script type=\"application\/ld+json\" class=\"yoast-schema-graph\">{\"@context\":\"https:\/\/schema.org\",\"@graph\":[{\"@type\":\"WebPage\",\"@id\":\"https:\/\/sodre.gub.uy\/anip\/exposicion\/cien-veces-tranvia-un-viaje-que-recorre-la-historia-y-mira-al-presente-y-al-futuro\/\",\"url\":\"https:\/\/sodre.gub.uy\/anip\/exposicion\/cien-veces-tranvia-un-viaje-que-recorre-la-historia-y-mira-al-presente-y-al-futuro\/\",\"name\":\"\u201cCien veces tranv\u00eda\u201d: un viaje que recorre la historia y mira al presente y al futuro - Anip\",\"isPartOf\":{\"@id\":\"https:\/\/sodre.gub.uy\/anip\/#website\"},\"datePublished\":\"2025-07-17T16:22:14+00:00\",\"dateModified\":\"2026-04-07T13:56:38+00:00\",\"inLanguage\":\"es\",\"potentialAction\":[{\"@type\":\"ReadAction\",\"target\":[\"https:\/\/sodre.gub.uy\/anip\/exposicion\/cien-veces-tranvia-un-viaje-que-recorre-la-historia-y-mira-al-presente-y-al-futuro\/\"]}]},{\"@type\":\"WebSite\",\"@id\":\"https:\/\/sodre.gub.uy\/anip\/#website\",\"url\":\"https:\/\/sodre.gub.uy\/anip\/\",\"name\":\"Anip\",\"description\":\"Servicio Oficial de Difusi\u00f3n, Representaciones y Espect\u00e1culos\",\"publisher\":{\"@id\":\"https:\/\/sodre.gub.uy\/anip\/#organization\"},\"potentialAction\":[{\"@type\":\"SearchAction\",\"target\":{\"@type\":\"EntryPoint\",\"urlTemplate\":\"https:\/\/sodre.gub.uy\/anip\/?s={search_term_string}\"},\"query-input\":\"required name=search_term_string\"}],\"inLanguage\":\"es\"},{\"@type\":\"Organization\",\"@id\":\"https:\/\/sodre.gub.uy\/anip\/#organization\",\"name\":\"Anip\",\"url\":\"https:\/\/sodre.gub.uy\/anip\/\",\"logo\":{\"@type\":\"ImageObject\",\"inLanguage\":\"es\",\"@id\":\"https:\/\/sodre.gub.uy\/anip\/#\/schema\/logo\/image\/\",\"url\":\"https:\/\/sodre.gub.uy\/anip\/wp-content\/uploads\/sites\/4\/2023\/12\/logo-sodre-black.svg\",\"contentUrl\":\"https:\/\/sodre.gub.uy\/anip\/wp-content\/uploads\/sites\/4\/2023\/12\/logo-sodre-black.svg\",\"caption\":\"Anip\"},\"image\":{\"@id\":\"https:\/\/sodre.gub.uy\/anip\/#\/schema\/logo\/image\/\"}}]}<\/script>\n<!-- \/ Yoast SEO plugin. -->","yoast_head_json":{"title":"\u201cCien veces tranv\u00eda\u201d: un viaje que recorre la historia y mira al presente y al futuro - Anip","robots":{"index":"index","follow":"follow","max-snippet":"max-snippet:-1","max-image-preview":"max-image-preview:large","max-video-preview":"max-video-preview:-1"},"canonical":"https:\/\/sodre.gub.uy\/anip\/exposicion\/cien-veces-tranvia-un-viaje-que-recorre-la-historia-y-mira-al-presente-y-al-futuro\/","og_locale":"es_ES","og_type":"article","og_title":"\u201cCien veces tranv\u00eda\u201d: un viaje que recorre la historia y mira al presente y al futuro - Anip","og_description":"Una exposici\u00f3n que recorre la historia del transporte colectivo de Montevideo","og_url":"https:\/\/sodre.gub.uy\/anip\/exposicion\/cien-veces-tranvia-un-viaje-que-recorre-la-historia-y-mira-al-presente-y-al-futuro\/","og_site_name":"Anip","article_modified_time":"2026-04-07T13:56:38+00:00","twitter_card":"summary_large_image","twitter_misc":{"Tiempo de lectura":"4 minutos"},"schema":{"@context":"https:\/\/schema.org","@graph":[{"@type":"WebPage","@id":"https:\/\/sodre.gub.uy\/anip\/exposicion\/cien-veces-tranvia-un-viaje-que-recorre-la-historia-y-mira-al-presente-y-al-futuro\/","url":"https:\/\/sodre.gub.uy\/anip\/exposicion\/cien-veces-tranvia-un-viaje-que-recorre-la-historia-y-mira-al-presente-y-al-futuro\/","name":"\u201cCien veces tranv\u00eda\u201d: un viaje que recorre la historia y mira al presente y al futuro - Anip","isPartOf":{"@id":"https:\/\/sodre.gub.uy\/anip\/#website"},"datePublished":"2025-07-17T16:22:14+00:00","dateModified":"2026-04-07T13:56:38+00:00","inLanguage":"es","potentialAction":[{"@type":"ReadAction","target":["https:\/\/sodre.gub.uy\/anip\/exposicion\/cien-veces-tranvia-un-viaje-que-recorre-la-historia-y-mira-al-presente-y-al-futuro\/"]}]},{"@type":"WebSite","@id":"https:\/\/sodre.gub.uy\/anip\/#website","url":"https:\/\/sodre.gub.uy\/anip\/","name":"Anip","description":"Servicio Oficial de Difusi\u00f3n, Representaciones y Espect\u00e1culos","publisher":{"@id":"https:\/\/sodre.gub.uy\/anip\/#organization"},"potentialAction":[{"@type":"SearchAction","target":{"@type":"EntryPoint","urlTemplate":"https:\/\/sodre.gub.uy\/anip\/?s={search_term_string}"},"query-input":"required name=search_term_string"}],"inLanguage":"es"},{"@type":"Organization","@id":"https:\/\/sodre.gub.uy\/anip\/#organization","name":"Anip","url":"https:\/\/sodre.gub.uy\/anip\/","logo":{"@type":"ImageObject","inLanguage":"es","@id":"https:\/\/sodre.gub.uy\/anip\/#\/schema\/logo\/image\/","url":"https:\/\/sodre.gub.uy\/anip\/wp-content\/uploads\/sites\/4\/2023\/12\/logo-sodre-black.svg","contentUrl":"https:\/\/sodre.gub.uy\/anip\/wp-content\/uploads\/sites\/4\/2023\/12\/logo-sodre-black.svg","caption":"Anip"},"image":{"@id":"https:\/\/sodre.gub.uy\/anip\/#\/schema\/logo\/image\/"}}]}},"_links":{"self":[{"href":"https:\/\/sodre.gub.uy\/anip\/wp-json\/wp\/v2\/exposicion\/528"}],"collection":[{"href":"https:\/\/sodre.gub.uy\/anip\/wp-json\/wp\/v2\/exposicion"}],"about":[{"href":"https:\/\/sodre.gub.uy\/anip\/wp-json\/wp\/v2\/types\/exposicion"}],"version-history":[{"count":5,"href":"https:\/\/sodre.gub.uy\/anip\/wp-json\/wp\/v2\/exposicion\/528\/revisions"}],"predecessor-version":[{"id":575,"href":"https:\/\/sodre.gub.uy\/anip\/wp-json\/wp\/v2\/exposicion\/528\/revisions\/575"}],"wp:attachment":[{"href":"https:\/\/sodre.gub.uy\/anip\/wp-json\/wp\/v2\/media?parent=528"}],"wp:term":[{"taxonomy":"categoria-de-exposicion","embeddable":true,"href":"https:\/\/sodre.gub.uy\/anip\/wp-json\/wp\/v2\/categoria-de-exposicion?post=528"}],"curies":[{"name":"wp","href":"https:\/\/api.w.org\/{rel}","templated":true}]}}

“Cien veces tranvía”: un viaje que recorre la historia y mira al presente y al futuro

<div class="wpb-content-wrapper"><p>[vc_section][vc_row][vc_column][vc_column_text]La nueva exposición del Archivo Nacional de la Imagen y la Palabra (ANIP) reúne documentos, boletos, mapas, objetos patrimoniales, fotografías, textos de escritores, testimonios de usuarios que fueron parte del universo tranviario de la ciudad, entre otras cosas. El recorrido, que abarca desde los primeros tranvías a caballo hasta el eléctrico, se plantea como una experiencia viva, accesible y significativa para todas las generaciones.</p>
<p>“Quisimos recuperar algo que de a poco fuimos olvidando. Los cambios fueron mucho más que un medio de transporte”, expresó la directora de ANIP, Melisa Espósito, durante la inauguración. “Queremos que esta experiencia sea significativa para todas las generaciones”, agregó y anunció que a partir del 2026 la muestra recorrerá el país.</p>
<p>El evento contó con la presencia del director general de Secretaría del Ministerio de Educación y Cultura, Carlos Varela; la vicepresidente del Consejo Directivo del Sodre, Alejandra Moreira; la consejera de esta institución, Natalia Schiavone y el curador de la muestra, Carlos Reyes Möller, entre otras autoridades.</p>
<p>Para Reyes Möller, el tranvía es “un objeto de historia social, de historia de las costumbres, es una puerta a la historia de las mentalidades” y agregó que la muestra invita a leer, “se mezclan métricas, historia comunicativa, datos duros”. Además de vagones y pasajeros, aparecen trabajadores y personajes que formaban parte del día a día, como el actor de la Comedia Nacional, Alberto Candeau, que en su juventud se colaba en el tranvía para ir a trabajar.</p>
<p>Desde una perspectiva institucional, Varela, destacó el valor patrimonial de este sistema de transporte ferroviario como parte de la “construcción hacia nuestra identidad». Reflexionó sobre los modelos de progreso que marcaron el siglo XX y cómo ciertos sistemas fueron dejados de lado por considerarse obsoletos. La “piqueta fatal del progreso” determinó que “era mejor la combustión”, lo derivado del petróleo.</p>
<p>Varela también hizo un paralelismo con otros medios de transporte relegados, como el ferrocarril, al considerar que lo que antes se percibía como “ineficiente, hoy el tiempo lo está retomando y reivindicando como algo eficiente”.</p>
<p><em>Cien veces tranvía</em> se puede visitar hasta el 6 de febrero de 2026 de lunes a viernes de 11 a 17 horas, con entrada libre.[/vc_column_text][vc_empty_space][vc_gallery type=»image_grid» images=»529,530,531,532,533,534,535,536,537,538,539,540,541,542,543,544&#8243;][/vc_column][/vc_row][/vc_section]</p>
</div>

<p>Una exposición que recorre la historia del transporte colectivo de Montevideo</p>

<!-- This site is optimized with the Yoast SEO plugin v21.7 - https://yoast.com/wordpress/plugins/seo/ -->
<title>“Cien veces tranvía”: un viaje que recorre la historia y mira al presente y al futuro - Anip</title>
<meta name="robots" content="index, follow, max-snippet:-1, max-image-preview:large, max-video-preview:-1" />
<link rel="canonical" href="https://sodre.gub.uy/anip/exposicion/cien-veces-tranvia-un-viaje-que-recorre-la-historia-y-mira-al-presente-y-al-futuro/" />
<meta property="og:locale" content="es_ES" />
<meta property="og:type" content="article" />
<meta property="og:title" content="“Cien veces tranvía”: un viaje que recorre la historia y mira al presente y al futuro - Anip" />
<meta property="og:description" content="Una exposición que recorre la historia del transporte colectivo de Montevideo" />
<meta property="og:url" content="https://sodre.gub.uy/anip/exposicion/cien-veces-tranvia-un-viaje-que-recorre-la-historia-y-mira-al-presente-y-al-futuro/" />
<meta property="og:site_name" content="Anip" />
<meta property="article:modified_time" content="2026-04-07T13:56:38+00:00" />
<meta name="twitter:card" content="summary_large_image" />
<meta name="twitter:label1" content="Tiempo de lectura" />
	<meta name="twitter:data1" content="4 minutos" />
<script type="application/ld+json" class="yoast-schema-graph">{"@context":"https://schema.org","@graph":[{"@type":"WebPage","@id":"https://sodre.gub.uy/anip/exposicion/cien-veces-tranvia-un-viaje-que-recorre-la-historia-y-mira-al-presente-y-al-futuro/","url":"https://sodre.gub.uy/anip/exposicion/cien-veces-tranvia-un-viaje-que-recorre-la-historia-y-mira-al-presente-y-al-futuro/","name":"“Cien veces tranvía”: un viaje que recorre la historia y mira al presente y al futuro - Anip","isPartOf":{"@id":"https://sodre.gub.uy/anip/#website"},"datePublished":"2025-07-17T16:22:14+00:00","dateModified":"2026-04-07T13:56:38+00:00","inLanguage":"es","potentialAction":[{"@type":"ReadAction","target":["https://sodre.gub.uy/anip/exposicion/cien-veces-tranvia-un-viaje-que-recorre-la-historia-y-mira-al-presente-y-al-futuro/"]}]},{"@type":"WebSite","@id":"https://sodre.gub.uy/anip/#website","url":"https://sodre.gub.uy/anip/","name":"Anip","description":"Servicio Oficial de Difusión, Representaciones y Espectáculos","publisher":{"@id":"https://sodre.gub.uy/anip/#organization"},"potentialAction":[{"@type":"SearchAction","target":{"@type":"EntryPoint","urlTemplate":"https://sodre.gub.uy/anip/?s={search_term_string}"},"query-input":"required name=search_term_string"}],"inLanguage":"es"},{"@type":"Organization","@id":"https://sodre.gub.uy/anip/#organization","name":"Anip","url":"https://sodre.gub.uy/anip/","logo":{"@type":"ImageObject","inLanguage":"es","@id":"https://sodre.gub.uy/anip/#/schema/logo/image/","url":"https://sodre.gub.uy/anip/wp-content/uploads/sites/4/2023/12/logo-sodre-black.svg","contentUrl":"https://sodre.gub.uy/anip/wp-content/uploads/sites/4/2023/12/logo-sodre-black.svg","caption":"Anip"},"image":{"@id":"https://sodre.gub.uy/anip/#/schema/logo/image/"}}]}</script>
<!-- / Yoast SEO plugin. -->

“Cien veces tranvía”: un viaje que recorre la historia y mira al presente y al futuro - Anip

Una exposición que recorre la historia del transporte colectivo de Montevideo

Servicio Oficial de Difusión, Representaciones y Espectáculos
