{"id":458,"date":"2024-04-18T11:12:46","date_gmt":"2024-04-18T14:12:46","guid":{"rendered":"https:\/\/sodre.gub.uy\/anip\/?post_type=exposicion&#038;p=458"},"modified":"2024-04-18T11:13:16","modified_gmt":"2024-04-18T14:13:16","slug":"cuentos-chinos","status":"publish","type":"exposicion","link":"https:\/\/sodre.gub.uy\/anip\/exposicion\/cuentos-chinos\/","title":{"rendered":"Cuentos chinos"},"content":{"rendered":"<div class=\"wpb-content-wrapper\"><p>[vc_section][vc_row][vc_column][vc_column_text]Hasta fines de marzo de 2023 en el Archivo Nacional de la Imagen y la Palabra (ANIP) estuvo la muestra \u00abCuentos chinos\u00bb, en ese a\u00f1o se cumpl\u00edan 100 a\u00f1os del nacimiento de China Zorrilla.<\/p>\n<p>La exposici\u00f3n, que se concret\u00f3 \u201ccon mucho esfuerzo\u201d seg\u00fan la directora de ANIP, Melissa Esp\u00f3sito, es el puntapi\u00e9 de las m\u00faltiples actividades que se realizan por el D\u00eda del Patrimonio bajo el lema\u00a0Cultura de dos orillas.<\/p>\n<p>\u201cEsto, de alg\u00fan modo, es un estreno, un debut y\u00a0China\u00a0Zorrilla debut\u00f3 en el Sodre en los a\u00f1os 40\u201d, coment\u00f3 el ministro de Educaci\u00f3n y Cultura, Pablo da Silveira. Lo hizo en la obra de teatro\u00a0La anunciaci\u00f3n de Mar\u00eda, de Paul Claudel, dirigida por Rom\u00e1n Vi\u00f1oly Barreto, en el papel de Violaine.<\/p>\n<p>La curadora de la muestra, Mariangela Giaimo, habl\u00f3 sobre seis ideas fuerza que tiene la exposici\u00f3n.<\/p>\n<p>Explic\u00f3 que la est\u00e9tica pop es porque \u201cqueremos mostrar una artista cercana que, al mismo tiempo, tiene un linaje aristocr\u00e1tico, y que en esa mezcla lo que se desarrolla es una gran actriz popular\u201d. Se quiso entrelazar lo oculto entre lo masivo y el pop dialoga entre la sociedad de consumo que toma los s\u00edmbolos y los temas de inter\u00e9s, es decir, \u201clos s\u00edmbolos populares que penetran y se desarrollan en el imaginario colectivo\u201d.<\/p>\n<p>Otra idea es la voz como potencia arrasadora en donde\u00a0China\u00a0aparece, a trav\u00e9s del sonido de sala, cont\u00e1ndose a s\u00ed misma y generando una experiencia inversiva. Tambi\u00e9n se ver\u00e1n los \u201ccuentos sobre los cuentos\u201d en donde se encontrar\u00e1n testimonios de personas que tuvieron un v\u00ednculo afectivo con la artista.<\/p>\n<p>El p\u00fablico la ovacionaba, por eso se gener\u00f3 un espacio en donde se puede encontrar la parte de la cercan\u00eda con ellos. Hay cuadros de personas que no son artistas, pero que est\u00e1n expuestos porque se valora el \u201cculto de su figura transformado en representaci\u00f3n de una diosa, de una madre, de una estrella de Hollywood\u201d, agreg\u00f3 la curadora. Tambi\u00e9n hay objetos personales que le han dado a lo largo de su vida en reconocimiento a su trayectoria.<\/p>\n<p>En otra parte de la muestra se presenta a\u00a0China\u00a0en la \u00e9poca de la Comedia Nacional y tambi\u00e9n en su faceta de directora, adaptadora, entre otros roles.<\/p>\n<p>A partir de esta exposici\u00f3n se anclan marcos interpretativos para \u201centender lo valioso de la memoria y lo potente que es estar representado el pasado, el presente y el futuro\u201d explicando que \u201chacer memoria, es ir hacia el afecto\u201d, cerr\u00f3.[\/vc_column_text][\/vc_column][\/vc_row][\/vc_section]<\/p>\n<\/div>","protected":false},"excerpt":{"rendered":"<p>[vc_section][vc_row][vc_column][vc_column_text]Hasta fines de marzo de 2023 en el Archivo Nacional de la Imagen y la Palabra (ANIP) estuvo la muestra \u00abCuentos chinos\u00bb, en ese a\u00f1o se cumpl\u00edan 100 a\u00f1os del nacimiento de China Zorrilla. La exposici\u00f3n, que se concret\u00f3 \u201ccon mucho esfuerzo\u201d seg\u00fan la directora de ANIP, Melissa Esp\u00f3sito, es el puntapi\u00e9 de las m\u00faltiples [&hellip;]<\/p>\n","protected":false},"menu_order":0,"template":"","format":"standard","categoria-de-exposicion":[9],"acf":[],"yoast_head":"<!-- This site is optimized with the Yoast SEO plugin v21.7 - https:\/\/yoast.com\/wordpress\/plugins\/seo\/ -->\n<title>Cuentos chinos - Anip<\/title>\n<meta name=\"robots\" content=\"index, follow, max-snippet:-1, max-image-preview:large, max-video-preview:-1\" \/>\n<link rel=\"canonical\" href=\"https:\/\/sodre.gub.uy\/anip\/exposicion\/cuentos-chinos\/\" \/>\n<meta property=\"og:locale\" content=\"es_ES\" \/>\n<meta property=\"og:type\" content=\"article\" \/>\n<meta property=\"og:title\" content=\"Cuentos chinos - Anip\" \/>\n<meta property=\"og:description\" content=\"[vc_section][vc_row][vc_column][vc_column_text]Hasta fines de marzo de 2023 en el Archivo Nacional de la Imagen y la Palabra (ANIP) estuvo la muestra \u00abCuentos chinos\u00bb, en ese a\u00f1o se cumpl\u00edan 100 a\u00f1os del nacimiento de China Zorrilla. La exposici\u00f3n, que se concret\u00f3 \u201ccon mucho esfuerzo\u201d seg\u00fan la directora de ANIP, Melissa Esp\u00f3sito, es el puntapi\u00e9 de las m\u00faltiples [&hellip;]\" \/>\n<meta property=\"og:url\" content=\"https:\/\/sodre.gub.uy\/anip\/exposicion\/cuentos-chinos\/\" \/>\n<meta property=\"og:site_name\" content=\"Anip\" \/>\n<meta property=\"article:modified_time\" content=\"2024-04-18T14:13:16+00:00\" \/>\n<meta name=\"twitter:card\" content=\"summary_large_image\" \/>\n<meta name=\"twitter:label1\" content=\"Tiempo de lectura\" \/>\n\t<meta name=\"twitter:data1\" content=\"2 minutos\" \/>\n<script type=\"application\/ld+json\" class=\"yoast-schema-graph\">{\"@context\":\"https:\/\/schema.org\",\"@graph\":[{\"@type\":\"WebPage\",\"@id\":\"https:\/\/sodre.gub.uy\/anip\/exposicion\/cuentos-chinos\/\",\"url\":\"https:\/\/sodre.gub.uy\/anip\/exposicion\/cuentos-chinos\/\",\"name\":\"Cuentos chinos - Anip\",\"isPartOf\":{\"@id\":\"https:\/\/sodre.gub.uy\/anip\/#website\"},\"datePublished\":\"2024-04-18T14:12:46+00:00\",\"dateModified\":\"2024-04-18T14:13:16+00:00\",\"inLanguage\":\"es\",\"potentialAction\":[{\"@type\":\"ReadAction\",\"target\":[\"https:\/\/sodre.gub.uy\/anip\/exposicion\/cuentos-chinos\/\"]}]},{\"@type\":\"WebSite\",\"@id\":\"https:\/\/sodre.gub.uy\/anip\/#website\",\"url\":\"https:\/\/sodre.gub.uy\/anip\/\",\"name\":\"Anip\",\"description\":\"Servicio Oficial de Difusi\u00f3n, Representaciones y Espect\u00e1culos\",\"publisher\":{\"@id\":\"https:\/\/sodre.gub.uy\/anip\/#organization\"},\"potentialAction\":[{\"@type\":\"SearchAction\",\"target\":{\"@type\":\"EntryPoint\",\"urlTemplate\":\"https:\/\/sodre.gub.uy\/anip\/?s={search_term_string}\"},\"query-input\":\"required name=search_term_string\"}],\"inLanguage\":\"es\"},{\"@type\":\"Organization\",\"@id\":\"https:\/\/sodre.gub.uy\/anip\/#organization\",\"name\":\"Anip\",\"url\":\"https:\/\/sodre.gub.uy\/anip\/\",\"logo\":{\"@type\":\"ImageObject\",\"inLanguage\":\"es\",\"@id\":\"https:\/\/sodre.gub.uy\/anip\/#\/schema\/logo\/image\/\",\"url\":\"https:\/\/sodre.gub.uy\/anip\/wp-content\/uploads\/sites\/4\/2023\/12\/logo-sodre-black.svg\",\"contentUrl\":\"https:\/\/sodre.gub.uy\/anip\/wp-content\/uploads\/sites\/4\/2023\/12\/logo-sodre-black.svg\",\"caption\":\"Anip\"},\"image\":{\"@id\":\"https:\/\/sodre.gub.uy\/anip\/#\/schema\/logo\/image\/\"}}]}<\/script>\n<!-- \/ Yoast SEO plugin. -->","yoast_head_json":{"title":"Cuentos chinos - Anip","robots":{"index":"index","follow":"follow","max-snippet":"max-snippet:-1","max-image-preview":"max-image-preview:large","max-video-preview":"max-video-preview:-1"},"canonical":"https:\/\/sodre.gub.uy\/anip\/exposicion\/cuentos-chinos\/","og_locale":"es_ES","og_type":"article","og_title":"Cuentos chinos - Anip","og_description":"[vc_section][vc_row][vc_column][vc_column_text]Hasta fines de marzo de 2023 en el Archivo Nacional de la Imagen y la Palabra (ANIP) estuvo la muestra \u00abCuentos chinos\u00bb, en ese a\u00f1o se cumpl\u00edan 100 a\u00f1os del nacimiento de China Zorrilla. La exposici\u00f3n, que se concret\u00f3 \u201ccon mucho esfuerzo\u201d seg\u00fan la directora de ANIP, Melissa Esp\u00f3sito, es el puntapi\u00e9 de las m\u00faltiples [&hellip;]","og_url":"https:\/\/sodre.gub.uy\/anip\/exposicion\/cuentos-chinos\/","og_site_name":"Anip","article_modified_time":"2024-04-18T14:13:16+00:00","twitter_card":"summary_large_image","twitter_misc":{"Tiempo de lectura":"2 minutos"},"schema":{"@context":"https:\/\/schema.org","@graph":[{"@type":"WebPage","@id":"https:\/\/sodre.gub.uy\/anip\/exposicion\/cuentos-chinos\/","url":"https:\/\/sodre.gub.uy\/anip\/exposicion\/cuentos-chinos\/","name":"Cuentos chinos - Anip","isPartOf":{"@id":"https:\/\/sodre.gub.uy\/anip\/#website"},"datePublished":"2024-04-18T14:12:46+00:00","dateModified":"2024-04-18T14:13:16+00:00","inLanguage":"es","potentialAction":[{"@type":"ReadAction","target":["https:\/\/sodre.gub.uy\/anip\/exposicion\/cuentos-chinos\/"]}]},{"@type":"WebSite","@id":"https:\/\/sodre.gub.uy\/anip\/#website","url":"https:\/\/sodre.gub.uy\/anip\/","name":"Anip","description":"Servicio Oficial de Difusi\u00f3n, Representaciones y Espect\u00e1culos","publisher":{"@id":"https:\/\/sodre.gub.uy\/anip\/#organization"},"potentialAction":[{"@type":"SearchAction","target":{"@type":"EntryPoint","urlTemplate":"https:\/\/sodre.gub.uy\/anip\/?s={search_term_string}"},"query-input":"required name=search_term_string"}],"inLanguage":"es"},{"@type":"Organization","@id":"https:\/\/sodre.gub.uy\/anip\/#organization","name":"Anip","url":"https:\/\/sodre.gub.uy\/anip\/","logo":{"@type":"ImageObject","inLanguage":"es","@id":"https:\/\/sodre.gub.uy\/anip\/#\/schema\/logo\/image\/","url":"https:\/\/sodre.gub.uy\/anip\/wp-content\/uploads\/sites\/4\/2023\/12\/logo-sodre-black.svg","contentUrl":"https:\/\/sodre.gub.uy\/anip\/wp-content\/uploads\/sites\/4\/2023\/12\/logo-sodre-black.svg","caption":"Anip"},"image":{"@id":"https:\/\/sodre.gub.uy\/anip\/#\/schema\/logo\/image\/"}}]}},"_links":{"self":[{"href":"https:\/\/sodre.gub.uy\/anip\/wp-json\/wp\/v2\/exposicion\/458"}],"collection":[{"href":"https:\/\/sodre.gub.uy\/anip\/wp-json\/wp\/v2\/exposicion"}],"about":[{"href":"https:\/\/sodre.gub.uy\/anip\/wp-json\/wp\/v2\/types\/exposicion"}],"version-history":[{"count":1,"href":"https:\/\/sodre.gub.uy\/anip\/wp-json\/wp\/v2\/exposicion\/458\/revisions"}],"predecessor-version":[{"id":460,"href":"https:\/\/sodre.gub.uy\/anip\/wp-json\/wp\/v2\/exposicion\/458\/revisions\/460"}],"wp:attachment":[{"href":"https:\/\/sodre.gub.uy\/anip\/wp-json\/wp\/v2\/media?parent=458"}],"wp:term":[{"taxonomy":"categoria-de-exposicion","embeddable":true,"href":"https:\/\/sodre.gub.uy\/anip\/wp-json\/wp\/v2\/categoria-de-exposicion?post=458"}],"curies":[{"name":"wp","href":"https:\/\/api.w.org\/{rel}","templated":true}]}}

<div class="wpb-content-wrapper"><p>[vc_section][vc_row][vc_column][vc_column_text]Hasta fines de marzo de 2023 en el Archivo Nacional de la Imagen y la Palabra (ANIP) estuvo la muestra «Cuentos chinos», en ese año se cumplían 100 años del nacimiento de China Zorrilla.</p>
<p>La exposición, que se concretó “con mucho esfuerzo” según la directora de ANIP, Melissa Espósito, es el puntapié de las múltiples actividades que se realizan por el Día del Patrimonio bajo el lema Cultura de dos orillas.</p>
<p>“Esto, de algún modo, es un estreno, un debut y China Zorrilla debutó en el Sodre en los años 40”, comentó el ministro de Educación y Cultura, Pablo da Silveira. Lo hizo en la obra de teatro La anunciación de María, de Paul Claudel, dirigida por Román Viñoly Barreto, en el papel de Violaine.</p>
<p>La curadora de la muestra, Mariangela Giaimo, habló sobre seis ideas fuerza que tiene la exposición.</p>
<p>Explicó que la estética pop es porque “queremos mostrar una artista cercana que, al mismo tiempo, tiene un linaje aristocrático, y que en esa mezcla lo que se desarrolla es una gran actriz popular”. Se quiso entrelazar lo oculto entre lo masivo y el pop dialoga entre la sociedad de consumo que toma los símbolos y los temas de interés, es decir, “los símbolos populares que penetran y se desarrollan en el imaginario colectivo”.</p>
<p>Otra idea es la voz como potencia arrasadora en donde China aparece, a través del sonido de sala, contándose a sí misma y generando una experiencia inversiva. También se verán los “cuentos sobre los cuentos” en donde se encontrarán testimonios de personas que tuvieron un vínculo afectivo con la artista.</p>
<p>El público la ovacionaba, por eso se generó un espacio en donde se puede encontrar la parte de la cercanía con ellos. Hay cuadros de personas que no son artistas, pero que están expuestos porque se valora el “culto de su figura transformado en representación de una diosa, de una madre, de una estrella de Hollywood”, agregó la curadora. También hay objetos personales que le han dado a lo largo de su vida en reconocimiento a su trayectoria.</p>
<p>En otra parte de la muestra se presenta a China en la época de la Comedia Nacional y también en su faceta de directora, adaptadora, entre otros roles.</p>
<p>A partir de esta exposición se anclan marcos interpretativos para “entender lo valioso de la memoria y lo potente que es estar representado el pasado, el presente y el futuro” explicando que “hacer memoria, es ir hacia el afecto”, cerró.[/vc_column_text][/vc_column][/vc_row][/vc_section]</p>
</div>

<p>[vc_section][vc_row][vc_column][vc_column_text]Hasta fines de marzo de 2023 en el Archivo Nacional de la Imagen y la Palabra (ANIP) estuvo la muestra «Cuentos chinos», en ese año se cumplían 100 años del nacimiento de China Zorrilla. La exposición, que se concretó “con mucho esfuerzo” según la directora de ANIP, Melissa Espósito, es el puntapié de las múltiples [&hellip;]</p>

<!-- This site is optimized with the Yoast SEO plugin v21.7 - https://yoast.com/wordpress/plugins/seo/ -->
<title>Cuentos chinos - Anip</title>
<meta name="robots" content="index, follow, max-snippet:-1, max-image-preview:large, max-video-preview:-1" />
<link rel="canonical" href="https://sodre.gub.uy/anip/exposicion/cuentos-chinos/" />
<meta property="og:locale" content="es_ES" />
<meta property="og:type" content="article" />
<meta property="og:title" content="Cuentos chinos - Anip" />
<meta property="og:description" content="[vc_section][vc_row][vc_column][vc_column_text]Hasta fines de marzo de 2023 en el Archivo Nacional de la Imagen y la Palabra (ANIP) estuvo la muestra «Cuentos chinos», en ese año se cumplían 100 años del nacimiento de China Zorrilla. La exposición, que se concretó “con mucho esfuerzo” según la directora de ANIP, Melissa Espósito, es el puntapié de las múltiples [&hellip;]" />
<meta property="og:url" content="https://sodre.gub.uy/anip/exposicion/cuentos-chinos/" />
<meta property="og:site_name" content="Anip" />
<meta property="article:modified_time" content="2024-04-18T14:13:16+00:00" />
<meta name="twitter:card" content="summary_large_image" />
<meta name="twitter:label1" content="Tiempo de lectura" />
	<meta name="twitter:data1" content="2 minutos" />
<script type="application/ld+json" class="yoast-schema-graph">{"@context":"https://schema.org","@graph":[{"@type":"WebPage","@id":"https://sodre.gub.uy/anip/exposicion/cuentos-chinos/","url":"https://sodre.gub.uy/anip/exposicion/cuentos-chinos/","name":"Cuentos chinos - Anip","isPartOf":{"@id":"https://sodre.gub.uy/anip/#website"},"datePublished":"2024-04-18T14:12:46+00:00","dateModified":"2024-04-18T14:13:16+00:00","inLanguage":"es","potentialAction":[{"@type":"ReadAction","target":["https://sodre.gub.uy/anip/exposicion/cuentos-chinos/"]}]},{"@type":"WebSite","@id":"https://sodre.gub.uy/anip/#website","url":"https://sodre.gub.uy/anip/","name":"Anip","description":"Servicio Oficial de Difusión, Representaciones y Espectáculos","publisher":{"@id":"https://sodre.gub.uy/anip/#organization"},"potentialAction":[{"@type":"SearchAction","target":{"@type":"EntryPoint","urlTemplate":"https://sodre.gub.uy/anip/?s={search_term_string}"},"query-input":"required name=search_term_string"}],"inLanguage":"es"},{"@type":"Organization","@id":"https://sodre.gub.uy/anip/#organization","name":"Anip","url":"https://sodre.gub.uy/anip/","logo":{"@type":"ImageObject","inLanguage":"es","@id":"https://sodre.gub.uy/anip/#/schema/logo/image/","url":"https://sodre.gub.uy/anip/wp-content/uploads/sites/4/2023/12/logo-sodre-black.svg","contentUrl":"https://sodre.gub.uy/anip/wp-content/uploads/sites/4/2023/12/logo-sodre-black.svg","caption":"Anip"},"image":{"@id":"https://sodre.gub.uy/anip/#/schema/logo/image/"}}]}</script>
<!-- / Yoast SEO plugin. -->

[vc_section][vc_row][vc_column][vc_column_text]Hasta fines de marzo de 2023 en el Archivo Nacional de la Imagen y la Palabra (ANIP) estuvo la muestra «Cuentos chinos», en ese año se cumplían 100 años del nacimiento de China Zorrilla. La exposición, que se concretó “con mucho esfuerzo” según la directora de ANIP, Melissa Espósito, es el puntapié de las múltiples [&hellip;]

Servicio Oficial de Difusión, Representaciones y Espectáculos
